CRAN Package Check Results for Package gesisdata

Last updated on 2022-08-08 03:55:43 CEST.

Flavor Version Tinstall Tcheck Ttotal Status Flags
r-devel-linux-x86_64-debian-clang 0.1.0 9.14 73.53 82.67 NOTE
r-devel-linux-x86_64-debian-gcc 0.1.0 5.51 53.80 59.31 NOTE
r-devel-linux-x86_64-fedora-clang 0.1.0 106.77 NOTE
r-devel-linux-x86_64-fedora-gcc 0.1.0 102.16 NOTE
r-devel-windows-x86_64 0.1.0 17.00 96.00 113.00 NOTE
r-patched-linux-x86_64 0.1.0 5.11 67.59 72.70 NOTE
r-release-linux-x86_64 0.1.0 NOTE
r-release-macos-arm64 0.1.0 31.00 NOTE
r-release-macos-x86_64 0.1.0 53.00 NOTE
r-release-windows-x86_64 0.1.0 20.00 101.00 121.00 NOTE
r-oldrel-macos-arm64 0.1.0 35.00 NOTE
r-oldrel-macos-x86_64 0.1.0 50.00 NOTE
r-oldrel-windows-ix86+x86_64 0.1.0 20.00 91.00 111.00 NOTE

Check Details

Version: 0.1.0
Check: LazyData
Result: NOTE
     'LazyData' is specified without a 'data' directory
Flavors: r-devel-linux-x86_64-debian-clang, r-devel-linux-x86_64-debian-gcc, r-devel-linux-x86_64-fedora-clang, r-devel-linux-x86_64-fedora-gcc, r-devel-windows-x86_64, r-patched-linux-x86_64, r-release-linux-x86_64, r-release-macos-arm64, r-release-macos-x86_64, r-release-windows-x86_64, r-oldrel-macos-arm64, r-oldrel-macos-x86_64, r-oldrel-windows-ix86+x86_64