CRAN Package Check Results for Package gestate

Last updated on 2021-10-20 02:50:05 CEST.

Flavor Version Tinstall Tcheck Ttotal Status Flags
r-devel-linux-x86_64-debian-clang 1.4.0 12.94 176.90 189.84 NOTE
r-devel-linux-x86_64-debian-gcc 1.4.0 11.15 129.23 140.38 NOTE
r-devel-linux-x86_64-fedora-clang 1.4.0 239.08 NOTE
r-devel-linux-x86_64-fedora-gcc 1.4.0 224.80 NOTE
r-devel-windows-x86_64 1.4.0 26.00 234.00 260.00 NOTE
r-devel-windows-x86_64-gcc10-UCRT 1.4.0 NOTE
r-patched-linux-x86_64 1.4.0 15.18 174.42 189.60 NOTE
r-patched-solaris-x86 1.4.0 298.80 NOTE
r-release-linux-x86_64 1.4.0 10.77 176.00 186.77 NOTE
r-release-macos-arm64 1.4.0 NOTE
r-release-macos-x86_64 1.4.0 NOTE
r-release-windows-ix86+x86_64 1.4.0 31.00 233.00 264.00 NOTE
r-oldrel-macos-x86_64 1.4.0 OK
r-oldrel-windows-ix86+x86_64 1.4.0 33.00 228.00 261.00 OK

Check Details

Version: 1.4.0
Check: LazyData
Result: NOTE
     'LazyData' is specified without a 'data' directory
Flavors: r-devel-linux-x86_64-debian-clang, r-devel-linux-x86_64-debian-gcc, r-devel-linux-x86_64-fedora-clang, r-devel-linux-x86_64-fedora-gcc, r-devel-windows-x86_64, r-devel-windows-x86_64-gcc10-UCRT, r-patched-linux-x86_64, r-patched-solaris-x86, r-release-linux-x86_64, r-release-macos-arm64, r-release-macos-x86_64, r-release-windows-ix86+x86_64