CRAN Package Check Results for Package ggPMX

Last updated on 2022-08-15 04:50:16 CEST.

Flavor Version Tinstall Tcheck Ttotal Status Flags
r-devel-linux-x86_64-debian-clang 1.2.8 17.41 475.26 492.67 NOTE
r-devel-linux-x86_64-debian-gcc 1.2.8 14.89 331.64 346.53 NOTE
r-devel-linux-x86_64-fedora-clang 1.2.8 521.63 NOTE
r-devel-linux-x86_64-fedora-gcc 1.2.8 512.77 NOTE
r-devel-windows-x86_64 1.2.8 121.00 483.00 604.00 NOTE
r-patched-linux-x86_64 1.2.8 20.57 390.16 410.73 NOTE
r-release-linux-x86_64 1.2.8 19.87 394.34 414.21 NOTE
r-release-macos-arm64 1.2.8 119.00 NOTE
r-release-macos-x86_64 1.2.8 153.00 NOTE
r-release-windows-x86_64 1.2.8 149.00 456.00 605.00 NOTE
r-oldrel-macos-arm64 1.2.8 114.00 NOTE
r-oldrel-macos-x86_64 1.2.8 145.00 NOTE
r-oldrel-windows-ix86+x86_64 1.2.8 38.00 425.00 463.00 NOTE

Check Details

Version: 1.2.8
Check: package dependencies
Result: NOTE
    Package suggested but not available for checking: 'lixoftConnectors'
Flavors: r-devel-linux-x86_64-debian-clang, r-devel-linux-x86_64-debian-gcc, r-devel-linux-x86_64-fedora-clang, r-devel-linux-x86_64-fedora-gcc, r-devel-windows-x86_64, r-patched-linux-x86_64, r-release-linux-x86_64, r-release-macos-arm64, r-release-macos-x86_64, r-release-windows-x86_64, r-oldrel-macos-arm64, r-oldrel-macos-x86_64, r-oldrel-windows-ix86+x86_64

Version: 1.2.8
Check: installed package size
Result: NOTE
     installed size is 8.9Mb
     sub-directories of 1Mb or more:
     doc 1.1Mb
     help 2.3Mb
     testdata 4.8Mb
Flavors: r-devel-linux-x86_64-fedora-clang, r-devel-windows-x86_64, r-release-macos-arm64, r-release-macos-x86_64, r-release-windows-x86_64, r-oldrel-macos-arm64, r-oldrel-macos-x86_64, r-oldrel-windows-ix86+x86_64