Last updated on 2022-07-01 02:54:18 CEST.
Flavor | Version | Tinstall | Tcheck | Ttotal | Status | Flags |
---|---|---|---|---|---|---|
r-devel-linux-x86_64-debian-clang | 1.0.7 | 14.77 | 241.55 | 256.32 | NOTE | |
r-devel-linux-x86_64-debian-gcc | 1.0.7 | 11.28 | 172.67 | 183.95 | NOTE | |
r-devel-linux-x86_64-fedora-clang | 1.0.7 | 289.35 | NOTE | |||
r-devel-linux-x86_64-fedora-gcc | 1.0.7 | 299.23 | NOTE | |||
r-devel-windows-x86_64 | 1.0.7 | 67.00 | 256.00 | 323.00 | NOTE | |
r-patched-linux-x86_64 | 1.0.7 | 13.31 | 220.85 | 234.16 | NOTE | |
r-release-linux-x86_64 | 1.0.7 | 10.45 | 221.42 | 231.87 | NOTE | |
r-release-macos-arm64 | 1.0.7 | 128.00 | NOTE | |||
r-release-macos-x86_64 | 1.0.7 | 211.00 | NOTE | |||
r-release-windows-x86_64 | 1.0.7 | 101.00 | 247.00 | 348.00 | NOTE | |
r-oldrel-macos-arm64 | 1.0.7 | 235.00 | NOTE | |||
r-oldrel-macos-x86_64 | 1.0.7 | 222.00 | NOTE | |||
r-oldrel-windows-ix86+x86_64 | 1.0.7 | 28.00 | 246.00 | 274.00 | NOTE |
Version: 1.0.7
Check: LazyData
Result: NOTE
'LazyData' is specified without a 'data' directory
Flavors: r-devel-linux-x86_64-debian-clang, r-devel-linux-x86_64-debian-gcc, r-devel-linux-x86_64-fedora-clang, r-devel-linux-x86_64-fedora-gcc, r-devel-windows-x86_64, r-patched-linux-x86_64, r-release-linux-x86_64, r-release-macos-arm64, r-release-macos-x86_64, r-release-windows-x86_64, r-oldrel-macos-arm64, r-oldrel-macos-x86_64, r-oldrel-windows-ix86+x86_64