CRAN Package Check Results for Package ggdendro

Last updated on 2021-12-04 02:48:43 CET.

Flavor Version Tinstall Tcheck Ttotal Status Flags
r-devel-linux-x86_64-debian-clang 0.1.22 4.83 66.51 71.34 NOTE
r-devel-linux-x86_64-debian-gcc 0.1.22 3.58 49.26 52.84 NOTE
r-devel-linux-x86_64-fedora-clang 0.1.22 97.91 NOTE
r-devel-linux-x86_64-fedora-gcc 0.1.22 83.39 NOTE
r-devel-windows-x86_64-new-UL 0.1.22 15.00 109.00 124.00 NOTE
r-devel-windows-x86_64-new-TK 0.1.22 NOTE
r-devel-windows-x86_64-old 0.1.22 11.00 71.00 82.00 NOTE
r-patched-linux-x86_64 0.1.22 4.73 60.80 65.53 NOTE
r-release-linux-x86_64 0.1.22 4.83 60.69 65.52 NOTE
r-release-macos-arm64 0.1.22 NOTE
r-release-macos-x86_64 0.1.22 NOTE
r-release-windows-ix86+x86_64 0.1.22 14.00 84.00 98.00 NOTE
r-oldrel-macos-x86_64 0.1.22 OK
r-oldrel-windows-ix86+x86_64 0.1.22 16.00 85.00 101.00 OK

Check Details

Version: 0.1.22
Check: LazyData
Result: NOTE
     'LazyData' is specified without a 'data' directory
Flavors: r-devel-linux-x86_64-debian-clang, r-devel-linux-x86_64-debian-gcc, r-devel-linux-x86_64-fedora-clang, r-devel-linux-x86_64-fedora-gcc, r-devel-windows-x86_64-new-UL, r-devel-windows-x86_64-new-TK, r-devel-windows-x86_64-old, r-patched-linux-x86_64, r-release-linux-x86_64, r-release-macos-arm64, r-release-macos-x86_64, r-release-windows-ix86+x86_64