CRAN Package Check Results for Package ggdist

Last updated on 2021-08-02 02:49:48 CEST.

Flavor Version Tinstall Tcheck Ttotal Status Flags
r-devel-linux-x86_64-debian-clang 3.0.0 15.07 261.21 276.28 OK
r-devel-linux-x86_64-debian-gcc 3.0.0 10.17 186.23 196.40 OK
r-devel-linux-x86_64-fedora-clang 3.0.0 320.76 OK
r-devel-linux-x86_64-fedora-gcc 3.0.0 316.29 OK
r-devel-windows-x86_64 3.0.0 18.00 300.00 318.00 OK
r-devel-windows-x86_64-gcc10-UCRT 3.0.0 OK
r-patched-linux-x86_64 3.0.0 OK
r-patched-solaris-x86 3.0.0 406.30 OK
r-release-linux-x86_64 3.0.0 14.86 237.10 251.96 OK
r-release-macos-arm64 3.0.0 WARN
r-release-macos-x86_64 3.0.0 OK
r-release-windows-ix86+x86_64 3.0.0 27.00 295.00 322.00 OK
r-oldrel-macos-x86_64 3.0.0 NOTE
r-oldrel-windows-ix86+x86_64 3.0.0 24.00 222.00 246.00 NOTE

Check Details

Version: 3.0.0
Check: package dependencies
Result: NOTE
    Package suggested but not available for checking: ‘posterior’
Flavor: r-release-macos-arm64

Version: 3.0.0
Check: re-building of vignette outputs
Result: WARN
    Error(s) in re-building vignettes:
    --- re-building ‘freq-uncertainty-vis.Rmd’ using rmarkdown
    Warning in engine$weave(file, quiet = quiet, encoding = enc) :
     Pandoc (>= 1.12.3) not available. Falling back to R Markdown v1.
    
    Attaching package: 'dplyr'
    
    The following objects are masked from 'package:stats':
    
     filter, lag
    
    The following objects are masked from 'package:base':
    
     intersect, setdiff, setequal, union
    
    
    Attaching package: 'modelr'
    
    The following object is masked from 'package:broom':
    
     bootstrap
    
    Quitting from lines 91-95 (freq-uncertainty-vis.Rmd)
    Error: processing vignette 'freq-uncertainty-vis.Rmd' failed with diagnostics:
    polygon edge not found
    --- failed re-building ‘freq-uncertainty-vis.Rmd’
    
    --- re-building ‘lineribbon.Rmd’ using rmarkdown
    Warning in engine$weave(file, quiet = quiet, encoding = enc) :
     Pandoc (>= 1.12.3) not available. Falling back to R Markdown v1.
    
    Attaching package: 'dplyr'
    
    The following objects are masked from 'package:stats':
    
     filter, lag
    
    The following objects are masked from 'package:base':
    
     intersect, setdiff, setequal, union
    
    Quitting from lines 112-116 (lineribbon.Rmd)
    Error: processing vignette 'lineribbon.Rmd' failed with diagnostics:
    polygon edge not found
    --- failed re-building ‘lineribbon.Rmd’
    
    --- re-building ‘slabinterval.Rmd’ using rmarkdown
    Warning in engine$weave(file, quiet = quiet, encoding = enc) :
     Pandoc (>= 1.12.3) not available. Falling back to R Markdown v1.
    
    Attaching package: 'dplyr'
    
    The following objects are masked from 'package:stats':
    
     filter, lag
    
    The following objects are masked from 'package:base':
    
     intersect, setdiff, setequal, union
    
    Quitting from lines 71-152 (slabinterval.Rmd)
    Error: processing vignette 'slabinterval.Rmd' failed with diagnostics:
    polygon edge not found
    --- failed re-building ‘slabinterval.Rmd’
    
    SUMMARY: processing the following files failed:
     ‘freq-uncertainty-vis.Rmd’ ‘lineribbon.Rmd’ ‘slabinterval.Rmd’
    
    Error: Vignette re-building failed.
    Execution halted
Flavor: r-release-macos-arm64

Version: 3.0.0
Check: R code for possible problems
Result: NOTE
    make_gradient_fill: no visible binding for global variable
     ‘linearGradient’
    Undefined global functions or variables:
     linearGradient
Flavors: r-oldrel-macos-x86_64, r-oldrel-windows-ix86+x86_64