CRAN Package Check Results for Package ggformula

Last updated on 2021-08-02 02:49:48 CEST.

Flavor Version Tinstall Tcheck Ttotal Status Flags
r-devel-linux-x86_64-debian-clang 0.10.1 22.11 268.33 290.44 OK
r-devel-linux-x86_64-debian-gcc 0.10.1 16.61 186.79 203.40 OK
r-devel-linux-x86_64-fedora-clang 0.10.1 331.02 NOTE
r-devel-linux-x86_64-fedora-gcc 0.10.1 335.29 OK
r-devel-windows-x86_64 0.10.1 49.00 297.00 346.00 OK
r-devel-windows-x86_64-gcc10-UCRT 0.10.1 OK
r-patched-linux-x86_64 0.10.1 OK
r-patched-solaris-x86 0.10.1 393.00 OK
r-release-linux-x86_64 0.10.1 18.99 239.53 258.52 OK
r-release-macos-arm64 0.10.1 WARN
r-release-macos-x86_64 0.10.1 OK
r-release-windows-ix86+x86_64 0.10.1 38.00 295.00 333.00 OK
r-oldrel-macos-x86_64 0.10.1 OK
r-oldrel-windows-ix86+x86_64 0.10.1 30.00 307.00 337.00 OK

Check Details

Version: 0.10.1
Check: Rd cross-references
Result: NOTE
    Undeclared package ‘quantreg’ in Rd xrefs
Flavor: r-devel-linux-x86_64-fedora-clang

Version: 0.10.1
Check: re-building of vignette outputs
Result: WARN
    Error(s) in re-building vignettes:
     ...
    --- re-building ‘ggformula.Rmd’ using rmarkdown
    Warning in engine$weave(file, quiet = quiet, encoding = enc) :
     Pandoc (>= 1.12.3) not available. Falling back to R Markdown v1.
    Quitting from lines 106-109 (ggformula.Rmd)
    Error: processing vignette 'ggformula.Rmd' failed with diagnostics:
    polygon edge not found
    --- failed re-building ‘ggformula.Rmd’
    
    SUMMARY: processing the following file failed:
     ‘ggformula.Rmd’
    
    Error: Vignette re-building failed.
    Execution halted
Flavor: r-release-macos-arm64