CRAN Package Check Results for Package ggpmisc

Last updated on 2021-07-29 02:51:07 CEST.

Flavor Version Tinstall Tcheck Ttotal Status Flags
r-devel-linux-x86_64-debian-clang 0.4.0 OK
r-devel-linux-x86_64-debian-gcc 0.4.0 12.86 128.10 140.96 OK
r-devel-linux-x86_64-fedora-clang 0.4.0 230.99 NOTE
r-devel-linux-x86_64-fedora-gcc 0.4.0 221.20 NOTE
r-devel-windows-x86_64 0.4.0 20.00 204.00 224.00 OK
r-devel-windows-x86_64-gcc10-UCRT 0.4.0 NOTE
r-patched-linux-x86_64 0.4.0 19.50 163.16 182.66 OK
r-patched-solaris-x86 0.4.0 293.00 NOTE
r-release-linux-x86_64 0.4.0 14.22 161.94 176.16 OK
r-release-macos-arm64 0.4.0 WARN
r-release-macos-x86_64 0.4.0 NOTE
r-release-windows-ix86+x86_64 0.4.0 33.00 200.00 233.00 OK
r-oldrel-macos-x86_64 0.4.0 NOTE
r-oldrel-windows-ix86+x86_64 0.4.0 24.00 213.00 237.00 OK

Check Details

Version: 0.4.0
Check: dependencies in R code
Result: NOTE
    Namespaces in Imports field not imported from:
     ‘MASS’ ‘dplyr’ ‘glue’ ‘gridExtra’ ‘xts’ ‘zoo’
     All declared Imports should be used.
Flavors: r-devel-linux-x86_64-fedora-clang, r-devel-linux-x86_64-fedora-gcc, r-devel-windows-x86_64-gcc10-UCRT, r-patched-solaris-x86, r-release-macos-arm64, r-release-macos-x86_64, r-oldrel-macos-x86_64

Version: 0.4.0
Check: re-building of vignette outputs
Result: WARN
    Error(s) in re-building vignettes:
    --- re-building ‘model-based-annotations.Rmd’ using rmarkdown
    Warning in engine$weave(file, quiet = quiet, encoding = enc) :
     Pandoc (>= 1.12.3) not available. Falling back to R Markdown v1.
    Loading required package: ggpp
    Loading required package: ggplot2
    
    Attaching package: 'ggpp'
    
    The following object is masked from 'package:ggplot2':
    
     annotate
    
    Loading required package: zoo
    
    Attaching package: 'zoo'
    
    The following objects are masked from 'package:base':
    
     as.Date, as.Date.numeric
    
    
    Attaching package: 'lubridate'
    
    The following objects are masked from 'package:base':
    
     date, intersect, setdiff, union
    
    
    Attaching package: 'dplyr'
    
    The following objects are masked from 'package:xts':
    
     first, last
    
    The following objects are masked from 'package:stats':
    
     filter, lag
    
    The following objects are masked from 'package:base':
    
     intersect, setdiff, setequal, union
    
    
    Attaching package: 'nlme'
    
    The following object is masked from 'package:dplyr':
    
     collapse
    
    Loading required package: SparseM
    
    Attaching package: 'SparseM'
    
    The following object is masked from 'package:base':
    
     backsolve
    
    Quitting from lines 128-133 (model-based-annotations.Rmd)
    Error: processing vignette 'model-based-annotations.Rmd' failed with diagnostics:
    polygon edge not found
    --- failed re-building ‘model-based-annotations.Rmd’
    
    SUMMARY: processing the following file failed:
     ‘model-based-annotations.Rmd’
    
    Error: Vignette re-building failed.
    Execution halted
Flavor: r-release-macos-arm64