CRAN Package Check Results for Package ggseg3d

Last updated on 2022-06-29 02:55:11 CEST.

Flavor Version Tinstall Tcheck Ttotal Status Flags
r-devel-linux-x86_64-debian-clang 1.6.3 17.31 94.99 112.30 OK
r-devel-linux-x86_64-debian-gcc 1.6.3 16.96 71.82 88.78 OK
r-devel-linux-x86_64-fedora-clang 1.6.3 147.92 NOTE
r-devel-linux-x86_64-fedora-gcc 1.6.3 143.76 NOTE
r-devel-windows-x86_64 1.6.3 26.00 118.00 144.00 OK
r-patched-linux-x86_64 1.6.3 18.30 90.02 108.32 OK
r-release-linux-x86_64 1.6.3 18.84 89.33 108.17 OK
r-release-macos-arm64 1.6.3 45.00 NOTE
r-release-macos-x86_64 1.6.3 73.00 NOTE
r-release-windows-x86_64 1.6.3 26.00 117.00 143.00 OK
r-oldrel-macos-arm64 1.6.3 57.00 NOTE
r-oldrel-macos-x86_64 1.6.3 57.00 NOTE
r-oldrel-windows-ix86+x86_64 1.6.3 36.00 118.00 154.00 OK

Check Details

Version: 1.6.3
Check: dependencies in R code
Result: NOTE
    Namespaces in Imports field not imported from:
     ‘magrittr’ ‘utils’
     All declared Imports should be used.
Flavors: r-devel-linux-x86_64-fedora-clang, r-devel-linux-x86_64-fedora-gcc, r-release-macos-arm64, r-release-macos-x86_64, r-oldrel-macos-arm64, r-oldrel-macos-x86_64