Last updated on 2022-08-18 04:56:26 CEST.
Flavor | Version | Tinstall | Tcheck | Ttotal | Status | Flags |
---|---|---|---|---|---|---|
r-devel-linux-x86_64-debian-clang | 0.8.0 | 3.37 | 60.46 | 63.83 | NOTE | |
r-devel-linux-x86_64-debian-gcc | 0.8.0 | 2.62 | 47.81 | 50.43 | NOTE | |
r-devel-linux-x86_64-fedora-clang | 0.8.0 | 85.47 | NOTE | |||
r-devel-linux-x86_64-fedora-gcc | 0.8.0 | 82.49 | NOTE | |||
r-devel-windows-x86_64 | 0.8.0 | 20.00 | 980.00 | 1000.00 | NOTE | |
r-patched-linux-x86_64 | 0.8.0 | 3.03 | 60.83 | 63.86 | NOTE | |
r-release-linux-x86_64 | 0.8.0 | 3.33 | 60.31 | 63.64 | NOTE | |
r-release-macos-arm64 | 0.8.0 | 39.00 | NOTE | |||
r-release-macos-x86_64 | 0.8.0 | 52.00 | NOTE | |||
r-release-windows-x86_64 | 0.8.0 | 19.00 | 968.00 | 987.00 | NOTE | |
r-oldrel-macos-arm64 | 0.8.0 | 45.00 | NOTE | |||
r-oldrel-macos-x86_64 | 0.8.0 | 71.00 | NOTE | |||
r-oldrel-windows-ix86+x86_64 | 0.8.0 | 8.00 | 168.00 | 176.00 | NOTE |
Version: 0.8.0
Check: LazyData
Result: NOTE
'LazyData' is specified without a 'data' directory
Flavors: r-devel-linux-x86_64-debian-clang, r-devel-linux-x86_64-debian-gcc, r-devel-linux-x86_64-fedora-clang, r-devel-linux-x86_64-fedora-gcc, r-devel-windows-x86_64, r-patched-linux-x86_64, r-release-linux-x86_64, r-release-macos-arm64, r-release-macos-x86_64, r-release-windows-x86_64, r-oldrel-macos-arm64, r-oldrel-macos-x86_64, r-oldrel-windows-ix86+x86_64