Last updated on 2022-07-04 02:53:32 CEST.
Flavor | Version | Tinstall | Tcheck | Ttotal | Status | Flags |
---|---|---|---|---|---|---|
r-devel-linux-x86_64-debian-clang | 0.7-7 | 25.50 | 166.49 | 191.99 | OK | |
r-devel-linux-x86_64-debian-gcc | 0.7-7 | 19.33 | 122.44 | 141.77 | OK | |
r-devel-linux-x86_64-fedora-clang | 0.7-7 | 231.48 | WARN | |||
r-devel-linux-x86_64-fedora-gcc | 0.7-7 | 229.90 | WARN | |||
r-devel-windows-x86_64 | 0.7-7 | 41.00 | 175.00 | 216.00 | OK | |
r-patched-linux-x86_64 | 0.7-7 | 21.89 | 154.75 | 176.64 | OK | |
r-release-linux-x86_64 | 0.7-7 | 18.31 | 154.66 | 172.97 | OK | |
r-release-macos-arm64 | 0.7-7 | 60.00 | OK | |||
r-release-macos-x86_64 | 0.7-7 | 108.00 | OK | |||
r-release-windows-x86_64 | 0.7-7 | 41.00 | 182.00 | 223.00 | OK | |
r-oldrel-macos-arm64 | 0.7-7 | 67.00 | OK | |||
r-oldrel-macos-x86_64 | 0.7-7 | 83.00 | OK | |||
r-oldrel-windows-ix86+x86_64 | 0.7-7 | 49.00 | 173.00 | 222.00 | OK |
Version: 0.7-7
Check: package dependencies
Result: WARN
Requires (indirectly) orphaned package: ‘gtools’
Flavors: r-devel-linux-x86_64-fedora-clang, r-devel-linux-x86_64-fedora-gcc