CRAN Package Check Results for Package glmdisc

Last updated on 2022-08-16 04:53:39 CEST.

Flavor Version Tinstall Tcheck Ttotal Status Flags
r-devel-linux-x86_64-debian-clang 0.6 47.35 500.03 547.38 NOTE
r-devel-linux-x86_64-debian-gcc 0.6 38.46 350.80 389.26 NOTE
r-devel-linux-x86_64-fedora-clang 0.6 642.65 NOTE
r-devel-linux-x86_64-fedora-gcc 0.6 681.38 NOTE
r-devel-windows-x86_64 0.6 55.00 505.00 560.00 NOTE
r-patched-linux-x86_64 0.6 33.84 465.06 498.90 NOTE
r-release-linux-x86_64 0.6 30.42 472.70 503.12 NOTE
r-release-macos-arm64 0.6 150.00 NOTE
r-release-macos-x86_64 0.6 249.00 NOTE
r-release-windows-x86_64 0.6 63.00 496.00 559.00 NOTE
r-oldrel-macos-arm64 0.6 170.00 NOTE
r-oldrel-macos-x86_64 0.6 254.00 NOTE
r-oldrel-windows-ix86+x86_64 0.6 111.00 744.00 855.00 NOTE

Check Details

Version: 0.6
Check: LazyData
Result: NOTE
     'LazyData' is specified without a 'data' directory
Flavors: r-devel-linux-x86_64-debian-clang, r-devel-linux-x86_64-debian-gcc, r-devel-linux-x86_64-fedora-clang, r-devel-linux-x86_64-fedora-gcc, r-devel-windows-x86_64, r-patched-linux-x86_64, r-release-linux-x86_64, r-release-macos-arm64, r-release-macos-x86_64, r-release-windows-x86_64, r-oldrel-macos-arm64, r-oldrel-macos-x86_64, r-oldrel-windows-ix86+x86_64