CRAN Package Check Results for Package glmdisc

Last updated on 2022-01-16 02:49:30 CET.

Flavor Version Tinstall Tcheck Ttotal Status Flags
r-devel-linux-x86_64-debian-clang 0.6 44.50 449.95 494.45 NOTE
r-devel-linux-x86_64-debian-gcc 0.6 34.83 318.00 352.83 NOTE
r-devel-linux-x86_64-fedora-clang 0.6 585.74 NOTE
r-devel-linux-x86_64-fedora-gcc 0.6 565.85 NOTE
r-devel-windows-x86_64-new-UL 0.6 63.00 459.00 522.00 NOTE
r-devel-windows-x86_64-new-TK 0.6 NOTE
r-patched-linux-x86_64 0.6 27.43 424.00 451.43 NOTE
r-release-linux-x86_64 0.6 28.52 423.99 452.51 NOTE
r-release-macos-arm64 0.6 NOTE
r-release-macos-x86_64 0.6 NOTE
r-release-windows-ix86+x86_64 0.6 104.00 746.00 850.00 NOTE
r-oldrel-macos-x86_64 0.6 OK
r-oldrel-windows-ix86+x86_64 0.6 105.00 753.00 858.00 OK

Check Details

Version: 0.6
Check: LazyData
Result: NOTE
     'LazyData' is specified without a 'data' directory
Flavors: r-devel-linux-x86_64-debian-clang, r-devel-linux-x86_64-debian-gcc, r-devel-linux-x86_64-fedora-clang, r-devel-linux-x86_64-fedora-gcc, r-devel-windows-x86_64-new-UL, r-devel-windows-x86_64-new-TK, r-patched-linux-x86_64, r-release-linux-x86_64, r-release-macos-arm64, r-release-macos-x86_64, r-release-windows-ix86+x86_64