CRAN Package Check Results for Package googleAuthR

Last updated on 2021-09-21 02:48:58 CEST.

Flavor Version Tinstall Tcheck Ttotal Status Flags
r-devel-linux-x86_64-debian-clang 1.4.0 4.98 51.30 56.28 OK
r-devel-linux-x86_64-debian-gcc 1.4.0 4.25 39.77 44.02 OK
r-devel-linux-x86_64-fedora-clang 1.4.0 77.76 OK
r-devel-linux-x86_64-fedora-gcc 1.4.0 66.98 OK
r-devel-windows-x86_64 1.4.0 8.00 58.00 66.00 OK
r-devel-windows-x86_64-gcc10-UCRT ERROR
r-patched-linux-x86_64 1.4.0 8.96 51.49 60.45 OK
r-patched-solaris-x86 1.4.0 94.20 OK
r-release-linux-x86_64 1.4.0 6.72 51.51 58.23 OK
r-release-macos-arm64 1.4.0 OK
r-release-macos-x86_64 1.4.0 OK
r-release-windows-ix86+x86_64 1.4.0 13.00 59.00 72.00 OK
r-oldrel-macos-x86_64 1.4.0 OK
r-oldrel-windows-ix86+x86_64 1.4.0 13.00 53.00 66.00 OK

Check Details

Version: 1.4.0
Check: whether package can be installed
Result: WARN
    Found the following significant warnings:
     WARNING: installation-time patches will not be applied, could not get the patches index
Flavor: r-devel-windows-x86_64-gcc10-UCRT

Version: 1.4.0
Check: PDF version of manual
Result: WARN
    LaTeX errors when creating PDF version.
    This typically indicates Rd problems.
Flavor: r-devel-windows-x86_64-gcc10-UCRT

Version: 1.4.0
Check: PDF version of manual without hyperrefs or index
Result: ERROR
    Re-running with no redirection of stdout/stderr.
Flavor: r-devel-windows-x86_64-gcc10-UCRT