CRAN Package Check Results for Package googleTagManageR

Last updated on 2021-07-28 02:49:06 CEST.

Flavor Version Tinstall Tcheck Ttotal Status Flags
r-devel-linux-x86_64-debian-clang 0.1.6 6.32 58.54 64.86 OK
r-devel-linux-x86_64-debian-gcc 0.1.6 5.26 44.25 49.51 OK
r-devel-linux-x86_64-fedora-clang 0.1.6 86.45 NOTE
r-devel-linux-x86_64-fedora-gcc 0.1.6 74.69 NOTE
r-devel-windows-x86_64 0.1.6 12.00 88.00 100.00 OK
r-devel-windows-x86_64-gcc10-UCRT 0.1.6 NOTE
r-patched-linux-x86_64 0.1.6 7.34 54.87 62.21 OK
r-patched-solaris-x86 0.1.6 103.20 NOTE
r-release-linux-x86_64 0.1.6 6.60 55.85 62.45 OK
r-release-macos-arm64 0.1.6 NOTE
r-release-macos-x86_64 0.1.6 NOTE
r-release-windows-ix86+x86_64 0.1.6 15.00 62.00 77.00 OK
r-oldrel-macos-x86_64 0.1.6 NOTE
r-oldrel-windows-ix86+x86_64 0.1.6 12.00 84.00 96.00 OK

Check Details

Version: 0.1.6
Check: dependencies in R code
Result: NOTE
    Namespaces in Imports field not imported from:
     ‘assertthat’ ‘future’ ‘httr’ ‘jsonlite’
     All declared Imports should be used.
Flavors: r-devel-linux-x86_64-fedora-clang, r-devel-linux-x86_64-fedora-gcc, r-devel-windows-x86_64-gcc10-UCRT, r-patched-solaris-x86, r-release-macos-arm64, r-release-macos-x86_64, r-oldrel-macos-x86_64