CRAN Package Check Results for Package govdown

Last updated on 2022-06-29 02:55:12 CEST.

Flavor Version Tinstall Tcheck Ttotal Status Flags
r-devel-linux-x86_64-debian-clang 0.10.1 2.19 23.39 25.58 NOTE
r-devel-linux-x86_64-debian-gcc 0.10.1 1.94 18.79 20.73 NOTE
r-devel-linux-x86_64-fedora-clang 0.10.1 42.19 NOTE
r-devel-linux-x86_64-fedora-gcc 0.10.1 41.42 NOTE
r-devel-windows-x86_64 0.10.1 55.00 50.00 105.00 NOTE
r-patched-linux-x86_64 0.10.1 1.93 23.21 25.14 NOTE
r-release-linux-x86_64 0.10.1 1.81 22.97 24.78 NOTE
r-release-macos-arm64 0.10.1 17.00 NOTE
r-release-macos-x86_64 0.10.1 21.00 NOTE
r-release-windows-x86_64 0.10.1 56.00 48.00 104.00 NOTE
r-oldrel-macos-arm64 0.10.1 20.00 NOTE
r-oldrel-macos-x86_64 0.10.1 27.00 NOTE
r-oldrel-windows-ix86+x86_64 0.10.1 6.00 42.00 48.00 NOTE

Check Details

Version: 0.10.1
Check: LazyData
Result: NOTE
     'LazyData' is specified without a 'data' directory
Flavors: r-devel-linux-x86_64-debian-clang, r-devel-linux-x86_64-debian-gcc, r-devel-linux-x86_64-fedora-clang, r-devel-linux-x86_64-fedora-gcc, r-devel-windows-x86_64, r-patched-linux-x86_64, r-release-linux-x86_64, r-release-macos-arm64, r-release-macos-x86_64, r-release-windows-x86_64, r-oldrel-macos-arm64, r-oldrel-macos-x86_64, r-oldrel-windows-ix86+x86_64