CRAN Package Check Results for Package graphicalVAR

Last updated on 2022-07-01 02:54:18 CEST.

Flavor Version Tinstall Tcheck Ttotal Status Flags
r-devel-linux-x86_64-debian-clang 0.3 44.11 129.42 173.53 NOTE
r-devel-linux-x86_64-debian-gcc 0.3 35.45 95.47 130.92 NOTE
r-devel-linux-x86_64-fedora-clang 0.3 227.17 WARN
r-devel-linux-x86_64-fedora-gcc 0.3 221.19 WARN
r-devel-windows-x86_64 0.3 48.00 160.00 208.00 NOTE
r-patched-linux-x86_64 0.3 33.21 118.20 151.41 OK
r-release-linux-x86_64 0.3 29.11 121.27 150.38 OK
r-release-macos-arm64 0.3 57.00 OK
r-release-macos-x86_64 0.3 98.00 OK
r-release-windows-x86_64 0.3 50.00 162.00 212.00 OK
r-oldrel-macos-arm64 0.3 64.00 OK
r-oldrel-macos-x86_64 0.3 77.00 OK
r-oldrel-windows-ix86+x86_64 0.3 111.00 201.00 312.00 OK

Check Details

Version: 0.3
Check: Rd files
Result: NOTE
    checkRd: (-1) mlGraphicalVAR.Rd:79: Escaped LaTeX specials: \~
Flavors: r-devel-linux-x86_64-debian-clang, r-devel-linux-x86_64-debian-gcc, r-devel-linux-x86_64-fedora-clang, r-devel-linux-x86_64-fedora-gcc, r-devel-windows-x86_64

Version: 0.3
Check: package dependencies
Result: WARN
    Requires (indirectly) orphaned package: ‘gtools’
Flavors: r-devel-linux-x86_64-fedora-clang, r-devel-linux-x86_64-fedora-gcc