Last updated on 2022-08-08 03:55:44 CEST.
Flavor | Version | Tinstall | Tcheck | Ttotal | Status | Flags |
---|---|---|---|---|---|---|
r-devel-linux-x86_64-debian-clang | 0.7-2 | 19.69 | 143.37 | 163.06 | NOTE | |
r-devel-linux-x86_64-debian-gcc | 0.7-2 | 14.19 | 104.22 | 118.41 | NOTE | |
r-devel-linux-x86_64-fedora-clang | 0.7-2 | 195.16 | NOTE | |||
r-devel-linux-x86_64-fedora-gcc | 0.7-2 | NOTE | ||||
r-devel-windows-x86_64 | 0.7-2 | 26.00 | 153.00 | 179.00 | NOTE | |
r-patched-linux-x86_64 | 0.7-2 | 11.15 | 134.19 | 145.34 | NOTE | |
r-release-linux-x86_64 | 0.7-2 | NOTE | ||||
r-release-macos-arm64 | 0.7-2 | 58.00 | NOTE | |||
r-release-macos-x86_64 | 0.7-2 | 83.00 | NOTE | |||
r-release-windows-x86_64 | 0.7-2 | 24.00 | 153.00 | 177.00 | NOTE | |
r-oldrel-macos-arm64 | 0.7-2 | 56.00 | NOTE | |||
r-oldrel-macos-x86_64 | 0.7-2 | 101.00 | NOTE | |||
r-oldrel-windows-ix86+x86_64 | 0.7-2 | 39.00 | 150.00 | 189.00 | NOTE |
Version: 0.7-2
Check: R code for possible problems
Result: NOTE
accrualReport: multiple local function definitions for 'gg' with
different formal arguments
Flavors: r-devel-linux-x86_64-debian-clang, r-devel-linux-x86_64-debian-gcc, r-devel-linux-x86_64-fedora-clang, r-devel-linux-x86_64-fedora-gcc, r-devel-windows-x86_64, r-patched-linux-x86_64, r-release-linux-x86_64, r-release-macos-arm64, r-release-macos-x86_64, r-release-windows-x86_64, r-oldrel-macos-arm64, r-oldrel-macos-x86_64, r-oldrel-windows-ix86+x86_64