CRAN Package Check Results for Package greta

Last updated on 2021-05-17 02:46:52 CEST.

Flavor Version Tinstall Tcheck Ttotal Status Flags
r-devel-linux-x86_64-debian-clang 0.3.1 42.98 132.30 175.28 NOTE
r-devel-linux-x86_64-debian-gcc 0.3.1 37.37 102.20 139.57 NOTE
r-devel-linux-x86_64-fedora-clang 0.3.1 319.13 NOTE
r-devel-linux-x86_64-fedora-gcc 0.3.1 305.66 NOTE
r-devel-windows-ix86+x86_64 0.3.1 84.00 172.00 256.00 NOTE
r-devel-windows-x86_64-gcc10-UCRT 0.3.1 NOTE
r-patched-linux-x86_64 0.3.1 40.63 125.74 166.37 NOTE
r-patched-solaris-x86 0.3.1 270.70 NOTE
r-release-linux-x86_64 0.3.1 41.24 122.04 163.28 OK
r-release-macos-x86_64 0.3.1 OK
r-release-windows-ix86+x86_64 0.3.1 56.00 146.00 202.00 OK
r-oldrel-macos-x86_64 0.3.1 OK
r-oldrel-windows-ix86+x86_64 0.3.1 49.00 160.00 209.00 OK

Check Details

Version: 0.3.1
Check: LazyData
Result: NOTE
     'LazyData' is specified without a 'data' directory
Flavors: r-devel-linux-x86_64-debian-clang, r-devel-linux-x86_64-debian-gcc, r-devel-linux-x86_64-fedora-clang, r-devel-linux-x86_64-fedora-gcc, r-devel-windows-ix86+x86_64, r-devel-windows-x86_64-gcc10-UCRT, r-patched-linux-x86_64, r-patched-solaris-x86