CRAN Package Check Results for Package groupdata2

Last updated on 2021-08-04 02:49:58 CEST.

Flavor Version Tinstall Tcheck Ttotal Status Flags
r-devel-linux-x86_64-debian-clang 1.5.0 7.82 161.70 169.52 OK
r-devel-linux-x86_64-debian-gcc 1.5.0 6.71 118.61 125.32 OK
r-devel-linux-x86_64-fedora-clang 1.5.0 213.95 OK
r-devel-linux-x86_64-fedora-gcc 1.5.0 192.94 OK
r-devel-windows-x86_64 1.5.0 12.00 192.00 204.00 OK
r-devel-windows-x86_64-gcc10-UCRT 1.5.0 OK
r-patched-linux-x86_64 1.5.0 9.54 150.56 160.10 OK
r-patched-solaris-x86 1.5.0 250.00 OK
r-release-linux-x86_64 1.5.0 7.09 151.56 158.65 OK
r-release-macos-arm64 1.5.0 WARN
r-release-macos-x86_64 1.5.0 OK
r-release-windows-ix86+x86_64 1.5.0 16.00 190.00 206.00 OK
r-oldrel-macos-x86_64 1.5.0 OK
r-oldrel-windows-ix86+x86_64 1.5.0 12.00 210.00 222.00 OK

Check Details

Version: 1.5.0
Check: re-building of vignette outputs
Result: WARN
    Error(s) in re-building vignettes:
    --- re-building ‘automatic_groups_with_groupdata2.Rmd’ using rmarkdown
    Warning in engine$weave(file, quiet = quiet, encoding = enc) :
     Pandoc (>= 1.12.3) not available. Falling back to R Markdown v1.
    
    Attaching package: 'dplyr'
    
    The following objects are masked from 'package:stats':
    
     filter, lag
    
    The following objects are masked from 'package:base':
    
     intersect, setdiff, setequal, union
    
    --- finished re-building ‘automatic_groups_with_groupdata2.Rmd’
    
    --- re-building ‘cross-validation_with_groupdata2.Rmd’ using rmarkdown
    Warning in engine$weave(file, quiet = quiet, encoding = enc) :
     Pandoc (>= 1.12.3) not available. Falling back to R Markdown v1.
    
    Attaching package: 'dplyr'
    
    The following objects are masked from 'package:stats':
    
     filter, lag
    
    The following objects are masked from 'package:base':
    
     intersect, setdiff, setequal, union
    
    Loading required package: lme4
    Loading required package: Matrix
    
    Attaching package: 'lmerTest'
    
    The following object is masked from 'package:lme4':
    
     lmer
    
    The following object is masked from 'package:stats':
    
     step
    
    Loading required package: zoo
    
    Attaching package: 'zoo'
    
    The following objects are masked from 'package:base':
    
     as.Date, as.Date.numeric
    
    boundary (singular) fit: see ?isSingular
    boundary (singular) fit: see ?isSingular
    boundary (singular) fit: see ?isSingular
    boundary (singular) fit: see ?isSingular
    boundary (singular) fit: see ?isSingular
    boundary (singular) fit: see ?isSingular
    boundary (singular) fit: see ?isSingular
    boundary (singular) fit: see ?isSingular
    boundary (singular) fit: see ?isSingular
    boundary (singular) fit: see ?isSingular
    boundary (singular) fit: see ?isSingular
    boundary (singular) fit: see ?isSingular
    boundary (singular) fit: see ?isSingular
    boundary (singular) fit: see ?isSingular
    --- finished re-building ‘cross-validation_with_groupdata2.Rmd’
    
    --- re-building ‘description_of_groupdata2.Rmd’ using rmarkdown
    Warning in engine$weave(file, quiet = quiet, encoding = enc) :
     Pandoc (>= 1.12.3) not available. Falling back to R Markdown v1.
    
    Attaching package: 'dplyr'
    
    The following objects are masked from 'package:stats':
    
     filter, lag
    
    The following objects are masked from 'package:base':
    
     intersect, setdiff, setequal, union
    
    Quitting from lines 1688-1764 (description_of_groupdata2.Rmd)
    Error: processing vignette 'description_of_groupdata2.Rmd' failed with diagnostics:
    polygon edge not found
    --- failed re-building ‘description_of_groupdata2.Rmd’
    
    --- re-building ‘introduction_to_groupdata2.Rmd’ using rmarkdown
    Warning in engine$weave(file, quiet = quiet, encoding = enc) :
     Pandoc (>= 1.12.3) not available. Falling back to R Markdown v1.
    --- finished re-building ‘introduction_to_groupdata2.Rmd’
    
    --- re-building ‘time_series_with_groupdata2.Rmd’ using rmarkdown
    Warning in engine$weave(file, quiet = quiet, encoding = enc) :
     Pandoc (>= 1.12.3) not available. Falling back to R Markdown v1.
    
    Attaching package: 'dplyr'
    
    The following objects are masked from 'package:stats':
    
     filter, lag
    
    The following objects are masked from 'package:base':
    
     intersect, setdiff, setequal, union
    
    Don't know how to automatically pick scale for object of type ts. Defaulting to continuous.
    Quitting from lines 88-96 (time_series_with_groupdata2.Rmd)
    Error: processing vignette 'time_series_with_groupdata2.Rmd' failed with diagnostics:
    polygon edge not found
    --- failed re-building ‘time_series_with_groupdata2.Rmd’
    
    SUMMARY: processing the following files failed:
     ‘description_of_groupdata2.Rmd’ ‘time_series_with_groupdata2.Rmd’
    
    Error: Vignette re-building failed.
    Execution halted
Flavor: r-release-macos-arm64