CRAN Package Check Results for Package gsl

Last updated on 2021-05-16 02:49:50 CEST.

Flavor Version Tinstall Tcheck Ttotal Status Flags
r-devel-linux-x86_64-debian-clang 2.1-6 12.93 63.16 76.09 OK
r-devel-linux-x86_64-debian-gcc 2.1-6 10.24 47.34 57.58 OK
r-devel-linux-x86_64-fedora-clang 2.1-6 98.33 OK
r-devel-linux-x86_64-fedora-gcc 2.1-6 90.09 OK
r-devel-windows-ix86+x86_64 2.1-6 45.00 75.00 120.00 OK
r-devel-windows-x86_64-gcc10-UCRT 2.1-6 OK
r-patched-linux-x86_64 2.1-6 13.71 61.12 74.83 OK
r-patched-solaris-x86 2.1-6 107.80 OK
r-release-linux-x86_64 2.1-6 10.97 57.91 68.88 OK
r-release-macos-x86_64 2.1-6 OK
r-release-windows-ix86+x86_64 2.1-6 39.00 67.00 106.00 OK
r-oldrel-macos-x86_64 2.1-6 ERROR
r-oldrel-windows-ix86+x86_64 2.1-6 43.00 101.00 144.00 OK

Check Details

Version: 2.1-6
Check: whether package can be installed
Result: ERROR
    Installation failed.
Flavor: r-oldrel-macos-x86_64