CRAN Package Check Results for Package gunit

Last updated on 2021-10-20 02:50:06 CEST.

Flavor Version Tinstall Tcheck Ttotal Status Flags
r-devel-linux-x86_64-debian-clang 1.0.0 3.81 38.36 42.17 NOTE
r-devel-linux-x86_64-debian-gcc 1.0.0 2.99 29.50 32.49 NOTE
r-devel-linux-x86_64-fedora-clang 1.0.0 61.06 NOTE
r-devel-linux-x86_64-fedora-gcc 1.0.0 48.19 NOTE
r-devel-windows-x86_64 1.0.0 7.00 58.00 65.00 NOTE
r-devel-windows-x86_64-gcc10-UCRT 1.0.0 NOTE
r-patched-linux-x86_64 1.0.0 3.72 35.40 39.12 NOTE
r-patched-solaris-x86 1.0.0 75.40 NOTE
r-release-linux-x86_64 1.0.0 3.92 35.91 39.83 NOTE
r-release-macos-arm64 1.0.0 NOTE
r-release-macos-x86_64 1.0.0 NOTE
r-release-windows-ix86+x86_64 1.0.0 7.00 58.00 65.00 NOTE
r-oldrel-macos-x86_64 1.0.0 OK
r-oldrel-windows-ix86+x86_64 1.0.0 11.00 59.00 70.00 OK

Check Details

Version: 1.0.0
Check: LazyData
Result: NOTE
     'LazyData' is specified without a 'data' directory
Flavors: r-devel-linux-x86_64-debian-clang, r-devel-linux-x86_64-debian-gcc, r-devel-linux-x86_64-fedora-clang, r-devel-linux-x86_64-fedora-gcc, r-devel-windows-x86_64, r-devel-windows-x86_64-gcc10-UCRT, r-patched-linux-x86_64, r-patched-solaris-x86, r-release-linux-x86_64, r-release-macos-arm64, r-release-macos-x86_64, r-release-windows-ix86+x86_64