CRAN Package Check Results for Package hdbinseg

Last updated on 2022-08-14 02:51:45 CEST.

Flavor Version Tinstall Tcheck Ttotal Status Flags
r-devel-linux-x86_64-debian-clang 1.0.1 26.09 42.24 68.33 NOTE
r-devel-linux-x86_64-debian-gcc 1.0.1 23.10 32.06 55.16 NOTE
r-devel-linux-x86_64-fedora-clang 1.0.1 103.17 NOTE
r-devel-linux-x86_64-fedora-gcc 1.0.1 98.49 NOTE
r-devel-windows-x86_64 1.0.1 33.00 82.00 115.00 NOTE
r-patched-linux-x86_64 1.0.1 29.12 40.81 69.93 NOTE
r-release-linux-x86_64 1.0.1 23.21 40.86 64.07 NOTE
r-release-macos-arm64 1.0.1 31.00 NOTE
r-release-macos-x86_64 1.0.1 37.00 NOTE
r-release-windows-x86_64 1.0.1 30.00 89.00 119.00 NOTE
r-oldrel-macos-arm64 1.0.1 37.00 NOTE
r-oldrel-macos-x86_64 1.0.1 49.00 NOTE
r-oldrel-windows-ix86+x86_64 1.0.1 70.00 93.00 163.00 NOTE

Check Details

Version: 1.0.1
Check: LazyData
Result: NOTE
     'LazyData' is specified without a 'data' directory
Flavors: r-devel-linux-x86_64-debian-clang, r-devel-linux-x86_64-debian-gcc, r-devel-linux-x86_64-fedora-clang, r-devel-linux-x86_64-fedora-gcc, r-devel-windows-x86_64, r-patched-linux-x86_64, r-release-linux-x86_64, r-release-macos-arm64, r-release-macos-x86_64, r-release-windows-x86_64, r-oldrel-macos-arm64, r-oldrel-macos-x86_64, r-oldrel-windows-ix86+x86_64