CRAN Package Check Results for Package healthyR

Last updated on 2022-01-16 02:49:30 CET.

Flavor Version Tinstall Tcheck Ttotal Status Flags
r-devel-linux-x86_64-debian-clang 0.1.7 11.59 134.61 146.20 OK
r-devel-linux-x86_64-debian-gcc 0.1.7 9.16 101.58 110.74 OK
r-devel-linux-x86_64-fedora-clang 0.1.7 174.55 NOTE
r-devel-linux-x86_64-fedora-gcc 0.1.7 157.78 OK
r-devel-windows-x86_64-new-UL 0.1.7 77.00 185.00 262.00 NOTE
r-devel-windows-x86_64-new-TK 0.1.7 OK
r-patched-linux-x86_64 0.1.7 7.57 130.29 137.86 OK
r-release-linux-x86_64 0.1.7 8.34 133.06 141.40 OK
r-release-macos-arm64 0.1.7 NOTE
r-release-macos-x86_64 0.1.7 NOTE
r-release-windows-ix86+x86_64 0.1.7 24.00 165.00 189.00 NOTE
r-oldrel-macos-x86_64 0.1.6 NOTE
r-oldrel-windows-ix86+x86_64 0.1.7 25.00 167.00 192.00 NOTE

Check Details

Version: 0.1.7
Check: installed package size
Result: NOTE
     installed size is 6.8Mb
     sub-directories of 1Mb or more:
     data 1.5Mb
     doc 5.0Mb
Flavors: r-devel-linux-x86_64-fedora-clang, r-devel-windows-x86_64-new-UL, r-release-macos-arm64, r-release-macos-x86_64, r-release-windows-ix86+x86_64, r-oldrel-windows-ix86+x86_64

Version: 0.1.6
Check: installed package size
Result: NOTE
     installed size is 6.6Mb
     sub-directories of 1Mb or more:
     data 1.5Mb
     doc 4.8Mb
Flavor: r-oldrel-macos-x86_64

Version: 0.1.6
Check: dependencies in R code
Result: NOTE
    Namespace in Imports field not imported from: ‘lifecycle’
     All declared Imports should be used.
Flavor: r-oldrel-macos-x86_64