CRAN Package Check Results for Package heemod

Last updated on 2022-01-22 02:51:18 CET.

Flavor Version Tinstall Tcheck Ttotal Status Flags
r-devel-linux-x86_64-debian-clang 0.14.4 12.52 439.71 452.23 NOTE
r-devel-linux-x86_64-debian-gcc 0.14.4 11.07 317.97 329.04 NOTE
r-devel-linux-x86_64-fedora-clang 0.14.4 526.72 NOTE
r-devel-linux-x86_64-fedora-gcc 0.14.4 509.65 NOTE
r-devel-windows-x86_64-new-UL 0.14.4 253.00 493.00 746.00 OK
r-devel-windows-x86_64-new-TK 0.14.4 NOTE
r-patched-linux-x86_64 0.14.4 14.99 428.01 443.00 NOTE
r-release-linux-x86_64 0.14.4 14.36 418.09 432.45 NOTE
r-release-macos-arm64 0.14.4 OK
r-release-macos-x86_64 0.14.4 OK
r-release-windows-ix86+x86_64 0.14.4 27.00 505.00 532.00 OK
r-oldrel-macos-x86_64 0.14.4 OK
r-oldrel-windows-ix86+x86_64 0.14.4 28.00 535.00 563.00 OK

Check Details

Version: 0.14.4
Check: package dependencies
Result: NOTE
    Package suggested but not available for checking: 'rgho'
Flavors: r-devel-linux-x86_64-debian-clang, r-devel-linux-x86_64-debian-gcc, r-devel-linux-x86_64-fedora-clang, r-devel-linux-x86_64-fedora-gcc, r-devel-windows-x86_64-new-TK, r-patched-linux-x86_64, r-release-linux-x86_64