CRAN Package Check Results for Package heplots

Last updated on 2021-10-27 02:52:36 CEST.

Flavor Version Tinstall Tcheck Ttotal Status Flags
r-devel-linux-x86_64-debian-clang 1.3-9 8.88 136.75 145.63 OK
r-devel-linux-x86_64-debian-gcc 1.3-9 8.11 99.10 107.21 OK
r-devel-linux-x86_64-fedora-clang 1.3-9 188.26 NOTE
r-devel-linux-x86_64-fedora-gcc 1.3-9 170.47 OK
r-devel-windows-x86_64 1.3-9 17.00 194.00 211.00 OK
r-devel-windows-x86_64-gcc10-UCRT 1.3-9 OK
r-patched-linux-x86_64 1.3-9 11.37 130.63 142.00 OK
r-patched-solaris-x86 1.3-9 211.80 OK
r-release-linux-x86_64 1.3-9 9.05 131.21 140.26 OK
r-release-macos-arm64 1.3-9 OK
r-release-macos-x86_64 1.3-9 OK
r-release-windows-ix86+x86_64 1.3-9 13.00 176.00 189.00 OK
r-oldrel-macos-x86_64 1.3-9 OK
r-oldrel-windows-ix86+x86_64 1.3-9 11.00 128.00 139.00 OK

Check Details

Version: 1.3-9
Check: Rd cross-references
Result: NOTE
    Undeclared packages ‘Sleuth2’, ‘rrcov’, ‘carData’, ‘qqtest’ in Rd xrefs
Flavor: r-devel-linux-x86_64-fedora-clang