CRAN Package Check Results for Package hero

Last updated on 2021-10-23 01:49:02 CEST.

Flavor Version Tinstall Tcheck Ttotal Status Flags
r-devel-linux-x86_64-debian-clang 0.4.7 10.32 108.75 119.07 OK
r-devel-linux-x86_64-debian-gcc 0.4.7 9.39 84.29 93.68 OK
r-devel-linux-x86_64-fedora-clang 0.4.7 154.45 OK
r-devel-linux-x86_64-fedora-gcc 0.4.7 143.12 OK
r-devel-windows-x86_64 0.4.7 17.00 155.00 172.00 OK
r-devel-windows-x86_64-gcc10-UCRT 0.4.7 ERROR
r-patched-linux-x86_64 0.4.7 12.76 105.11 117.87 OK
r-patched-solaris-x86 0.4.7 215.40 OK
r-release-linux-x86_64 0.4.7 7.82 104.66 112.48 OK
r-release-macos-arm64 0.4.7 OK
r-release-macos-x86_64 0.4.7 OK
r-release-windows-ix86+x86_64 0.4.7 15.00 124.00 139.00 OK
r-oldrel-macos-x86_64 0.4.7 OK
r-oldrel-windows-ix86+x86_64 0.4.7 23.00 149.00 172.00 OK

Check Details

Version: 0.4.7
Check: package dependencies
Result: NOTE
    Package suggested but not available for checking: 'igraph'
Flavor: r-devel-windows-x86_64-gcc10-UCRT

Version: 0.4.7
Check: Rd cross-references
Result: NOTE
    Package unavailable to check Rd xrefs: 'igraph'
Flavor: r-devel-windows-x86_64-gcc10-UCRT

Version: 0.4.7
Check: examples
Result: ERROR
    Running examples in 'hero-Ex.R' failed
    The error most likely occurred in:
    
    > ### Name: adjacent
    > ### Title: Determine adjacent points
    > ### Aliases: adjacent
    >
    > ### ** Examples
    >
    > # basic coordinates
    > coords = expand.grid(1:4, 1:4)
    > # plot coordinates to see relationships
    > plot(coords, type = "n")
    > text(coords)
    > a = adjacent(coords, digits = 1)
    > plot(a)
    The "igraph" package will enhance this function. Please install it.
    Error in image.default(a, ...) : 'z' must be a matrix
    Calls: plot -> plot.hero_adjacent -> <Anonymous> -> image.default
    Execution halted
Flavor: r-devel-windows-x86_64-gcc10-UCRT