CRAN Package Check Results for Package hhh4contacts

Last updated on 2021-07-30 02:51:40 CEST.

Flavor Version Tinstall Tcheck Ttotal Status Flags
r-devel-linux-x86_64-debian-clang 0.13.1 OK
r-devel-linux-x86_64-debian-gcc 0.13.1 8.64 76.46 85.10 OK
r-devel-linux-x86_64-fedora-clang 0.13.1 144.14 NOTE
r-devel-linux-x86_64-fedora-gcc 0.13.1 128.03 OK
r-devel-windows-x86_64 0.13.1 13.00 129.00 142.00 OK
r-devel-windows-x86_64-gcc10-UCRT 0.13.1 OK
r-patched-linux-x86_64 0.13.1 OK
r-patched-solaris-x86 0.13.1 190.10 OK
r-release-linux-x86_64 0.13.1 9.37 96.72 106.09 OK
r-release-macos-arm64 0.13.1 OK
r-release-macos-x86_64 0.13.1 OK
r-release-windows-ix86+x86_64 0.13.1 25.00 90.00 115.00 OK
r-oldrel-macos-x86_64 0.13.1 OK
r-oldrel-windows-ix86+x86_64 0.13.1 19.00 129.00 148.00 OK

Check Details

Version: 0.13.1
Check: Rd cross-references
Result: NOTE
    Undeclared packages ‘sp’, ‘rgeos’ in Rd xrefs
Flavor: r-devel-linux-x86_64-fedora-clang