CRAN Package Check Results for Package highriskzone

Last updated on 2023-03-30 02:50:43 CEST.

Flavor Version Tinstall Tcheck Ttotal Status Flags
r-devel-linux-x86_64-debian-clang 1.4.8 18.47 167.11 185.58 NOTE
r-devel-linux-x86_64-debian-gcc 1.4.8 15.94 124.77 140.71 NOTE
r-devel-linux-x86_64-fedora-clang 1.4.8 233.55 OK
r-devel-linux-x86_64-fedora-gcc 1.4.8 229.57 OK
r-devel-windows-x86_64 1.4.8 56.00 0.00 56.00 NOTE
r-patched-linux-x86_64 1.4.8 15.48 157.26 172.74 NOTE
r-release-linux-x86_64 1.4.8 11.70 160.71 172.41 NOTE
r-release-macos-arm64 1.4.8 68.00 NOTE
r-release-macos-x86_64 1.4.8 91.00 NOTE
r-release-windows-x86_64 1.4.8 69.00 187.00 256.00 NOTE
r-oldrel-macos-arm64 1.4.8 63.00 NOTE
r-oldrel-macos-x86_64 1.4.8 89.00 NOTE
r-oldrel-windows-ix86+x86_64 1.4.8 39.00 181.00 220.00 OK

Check Details

Version: 1.4.8
Check: package dependencies
Result: NOTE
    Package suggested but not available for checking: ‘INLA’
Flavors: r-devel-linux-x86_64-debian-clang, r-devel-linux-x86_64-debian-gcc, r-devel-windows-x86_64, r-patched-linux-x86_64, r-release-linux-x86_64, r-release-macos-arm64, r-release-macos-x86_64, r-release-windows-x86_64, r-oldrel-macos-arm64, r-oldrel-macos-x86_64