CRAN Package Check Results for Package hsdar

Last updated on 2022-01-27 02:51:29 CET.

Flavor Version Tinstall Tcheck Ttotal Status Flags
r-devel-linux-x86_64-debian-clang 1.0.3 95.19 542.70 637.89 OK
r-devel-linux-x86_64-debian-gcc 1.0.3 74.72 398.41 473.13 OK
r-devel-linux-x86_64-fedora-clang 1.0.3 726.33 NOTE
r-devel-linux-x86_64-fedora-gcc 1.0.3 756.51 OK
r-devel-windows-x86_64-new-UL 1.0.3 218.00 601.00 819.00 NOTE
r-devel-windows-x86_64-new-TK 1.0.3 OK
r-patched-linux-x86_64 1.0.3 92.16 498.39 590.55 OK
r-release-linux-x86_64 1.0.3 69.60 495.27 564.87 OK
r-release-macos-arm64 1.0.3 NOTE
r-release-macos-x86_64 1.0.3 NOTE
r-release-windows-ix86+x86_64 1.0.3 183.00 765.00 948.00 NOTE
r-oldrel-macos-x86_64 1.0.3 NOTE
r-oldrel-windows-ix86+x86_64 1.0.3 187.00 783.00 970.00 NOTE

Check Details

Version: 1.0.3
Check: installed package size
Result: NOTE
     installed size is 6.2Mb
     sub-directories of 1Mb or more:
     R 2.0Mb
     doc 2.5Mb
Flavors: r-devel-linux-x86_64-fedora-clang, r-devel-windows-x86_64-new-UL, r-release-macos-arm64, r-release-macos-x86_64, r-release-windows-ix86+x86_64, r-oldrel-macos-x86_64, r-oldrel-windows-ix86+x86_64