CRAN Package Check Results for Package html2R

Last updated on 2022-06-29 02:55:12 CEST.

Flavor Version Tinstall Tcheck Ttotal Status Flags
r-devel-linux-x86_64-debian-clang 0.1.0 3.81 38.76 42.57 NOTE
r-devel-linux-x86_64-debian-gcc 0.1.0 3.81 30.33 34.14 NOTE
r-devel-linux-x86_64-fedora-clang 0.1.0 63.69 NOTE
r-devel-linux-x86_64-fedora-gcc 0.1.0 62.23 NOTE
r-devel-windows-x86_64 0.1.0 14.00 63.00 77.00 NOTE
r-patched-linux-x86_64 0.1.0 3.68 38.25 41.93 NOTE
r-release-linux-x86_64 0.1.0 3.92 37.96 41.88 NOTE
r-release-macos-arm64 0.1.0 21.00 NOTE
r-release-macos-x86_64 0.1.0 36.00 NOTE
r-release-windows-x86_64 0.1.0 16.00 69.00 85.00 NOTE
r-oldrel-macos-arm64 0.1.0 25.00 NOTE
r-oldrel-macos-x86_64 0.1.0 35.00 NOTE
r-oldrel-windows-ix86+x86_64 0.1.0 12.00 60.00 72.00 NOTE

Check Details

Version: 0.1.0
Check: LazyData
Result: NOTE
     'LazyData' is specified without a 'data' directory
Flavors: r-devel-linux-x86_64-debian-clang, r-devel-linux-x86_64-debian-gcc, r-devel-linux-x86_64-fedora-clang, r-devel-linux-x86_64-fedora-gcc, r-devel-windows-x86_64, r-patched-linux-x86_64, r-release-linux-x86_64, r-release-macos-arm64, r-release-macos-x86_64, r-release-windows-x86_64, r-oldrel-macos-arm64, r-oldrel-macos-x86_64, r-oldrel-windows-ix86+x86_64