CRAN Package Check Results for Package httpcache

Last updated on 2021-09-22 02:49:22 CEST.

Flavor Version Tinstall Tcheck Ttotal Status Flags
r-devel-linux-x86_64-debian-clang 1.2.0 2.44 29.60 32.04 OK
r-devel-linux-x86_64-debian-gcc 1.2.0 1.80 23.31 25.11 OK
r-devel-linux-x86_64-fedora-clang 1.2.0 47.98 OK
r-devel-linux-x86_64-fedora-gcc 1.2.0 39.31 OK
r-devel-windows-x86_64 1.2.0 5.00 38.00 43.00 OK
r-devel-windows-x86_64-gcc10-UCRT 1.2.0 ERROR
r-patched-linux-x86_64 1.2.0 2.36 28.12 30.48 OK
r-patched-solaris-x86 1.2.0 56.50 OK
r-release-linux-x86_64 1.2.0 2.17 28.45 30.62 OK
r-release-macos-arm64 1.2.0 OK
r-release-macos-x86_64 1.2.0 OK
r-release-windows-ix86+x86_64 1.2.0 6.00 40.00 46.00 OK
r-oldrel-macos-x86_64 1.2.0 OK
r-oldrel-windows-ix86+x86_64 1.2.0 6.00 39.00 45.00 OK

Check Details

Version: 1.2.0
Check: whether package can be installed
Result: WARN
    Found the following significant warnings:
     WARNING: installation-time patches will not be applied, could not get the patches index
Flavor: r-devel-windows-x86_64-gcc10-UCRT

Version: 1.2.0
Check: PDF version of manual
Result: WARN
    LaTeX errors when creating PDF version.
    This typically indicates Rd problems.
Flavor: r-devel-windows-x86_64-gcc10-UCRT

Version: 1.2.0
Check: PDF version of manual without hyperrefs or index
Result: ERROR
    Re-running with no redirection of stdout/stderr.
Flavor: r-devel-windows-x86_64-gcc10-UCRT