Last updated on 2022-08-18 04:56:27 CEST.
Flavor | Version | Tinstall | Tcheck | Ttotal | Status | Flags |
---|---|---|---|---|---|---|
r-devel-linux-x86_64-debian-clang | 0.0.2 | 6.99 | 75.43 | 82.42 | OK | |
r-devel-linux-x86_64-debian-gcc | 2.0.0 | 222.28 | 139.98 | 362.26 | NOTE | |
r-devel-linux-x86_64-fedora-clang | 2.0.0 | 582.39 | NOTE | |||
r-devel-linux-x86_64-fedora-gcc | 2.0.0 | 661.30 | NOTE | |||
r-devel-windows-x86_64 | 2.0.0 | 348.00 | 293.00 | 641.00 | NOTE | |
r-patched-linux-x86_64 | 2.0.0 | 226.44 | 184.40 | 410.84 | NOTE | |
r-release-linux-x86_64 | 0.0.2 | 5.91 | 72.59 | 78.50 | OK | |
r-release-macos-arm64 | 2.0.0 | 142.00 | NOTE | |||
r-release-macos-x86_64 | 0.0.2 | 56.00 | OK | |||
r-release-windows-x86_64 | 2.0.0 | 177.00 | 282.00 | 459.00 | NOTE | |
r-oldrel-macos-arm64 | 2.0.0 | 131.00 | NOTE | |||
r-oldrel-macos-x86_64 | 0.0.2 | 49.00 | OK | |||
r-oldrel-windows-ix86+x86_64 | 0.0.2 | 12.00 | 129.00 | 141.00 | OK |
Version: 2.0.0
Check: for GNU extensions in Makefiles
Result: NOTE
GNU make is a SystemRequirements.
Flavors: r-devel-linux-x86_64-debian-gcc, r-devel-linux-x86_64-fedora-clang, r-devel-linux-x86_64-fedora-gcc, r-devel-windows-x86_64, r-patched-linux-x86_64, r-release-macos-arm64, r-release-windows-x86_64, r-oldrel-macos-arm64
Version: 2.0.0
Check: installed package size
Result: NOTE
installed size is 43.0Mb
sub-directories of 1Mb or more:
libs 42.4Mb
Flavors: r-release-macos-arm64, r-oldrel-macos-arm64