CRAN Package Check Results for Package iMediate

Last updated on 2021-09-22 02:49:23 CEST.

Flavor Version Tinstall Tcheck Ttotal Status Flags
r-devel-linux-x86_64-debian-clang 0.5.5 6.16 59.62 65.78 OK
r-devel-linux-x86_64-debian-gcc 0.5.5 5.37 43.78 49.15 OK
r-devel-linux-x86_64-fedora-clang 0.5.5 87.75 OK
r-devel-linux-x86_64-fedora-gcc 0.5.5 75.58 OK
r-devel-windows-x86_64 0.5.5 9.00 57.00 66.00 OK
r-devel-windows-x86_64-gcc10-UCRT 0.5.5 ERROR
r-patched-linux-x86_64 0.5.5 6.09 55.23 61.32 OK
r-patched-solaris-x86 0.5.5 106.10 OK
r-release-linux-x86_64 0.5.5 6.21 54.14 60.35 OK
r-release-macos-arm64 0.5.5 OK
r-release-macos-x86_64 0.5.5 OK
r-release-windows-ix86+x86_64 0.5.5 18.00 55.00 73.00 OK
r-oldrel-macos-x86_64 0.5.5 OK
r-oldrel-windows-ix86+x86_64 0.5.5 18.00 61.00 79.00 OK

Check Details

Version: 0.5.5
Check: whether package can be installed
Result: WARN
    Found the following significant warnings:
     WARNING: installation-time patches will not be applied, could not get the patches index
Flavor: r-devel-windows-x86_64-gcc10-UCRT

Version: 0.5.5
Check: PDF version of manual
Result: WARN
    LaTeX errors when creating PDF version.
    This typically indicates Rd problems.
Flavor: r-devel-windows-x86_64-gcc10-UCRT

Version: 0.5.5
Check: PDF version of manual without hyperrefs or index
Result: ERROR
    Re-running with no redirection of stdout/stderr.
Flavor: r-devel-windows-x86_64-gcc10-UCRT