CRAN Package Check Results for Package iTOP

Last updated on 2023-03-31 03:52:31 CEST.

Flavor Version Tinstall Tcheck Ttotal Status Flags
r-devel-linux-x86_64-debian-clang 1.0.2 2.68 106.75 109.43 NOTE
r-devel-linux-x86_64-debian-gcc 1.0.2 2.06 80.30 82.36 NOTE
r-devel-linux-x86_64-fedora-clang 1.0.2 144.40 NOTE
r-devel-linux-x86_64-fedora-gcc 1.0.2 143.32 NOTE
r-devel-windows-x86_64 1.0.2 21.00 0.00 21.00 NOTE
r-patched-linux-x86_64 1.0.2 2.90 102.31 105.21 NOTE
r-release-linux-x86_64 1.0.2 2.26 103.73 105.99 NOTE
r-release-macos-arm64 1.0.2 56.00 NOTE
r-release-macos-x86_64 1.0.2 59.00 NOTE
r-release-windows-x86_64 1.0.2 20.00 155.00 175.00 NOTE
r-oldrel-macos-arm64 1.0.2 68.00 NOTE
r-oldrel-macos-x86_64 1.0.2 83.00 NOTE
r-oldrel-windows-ix86+x86_64 1.0.2 6.00 143.00 149.00 NOTE

Check Details

Version: 1.0.2
Check: LazyData
Result: NOTE
     'LazyData' is specified without a 'data' directory
Flavors: r-devel-linux-x86_64-debian-clang, r-devel-linux-x86_64-debian-gcc, r-devel-linux-x86_64-fedora-clang, r-devel-linux-x86_64-fedora-gcc, r-devel-windows-x86_64, r-patched-linux-x86_64, r-release-linux-x86_64, r-release-macos-arm64, r-release-macos-x86_64, r-release-windows-x86_64, r-oldrel-macos-arm64, r-oldrel-macos-x86_64, r-oldrel-windows-ix86+x86_64