CRAN Package Check Results for Package igoR

Last updated on 2022-10-05 05:57:05 CEST.

Flavor Version Tinstall Tcheck Ttotal Status Flags
r-devel-linux-x86_64-debian-clang 0.1.4 7.59 66.54 74.13 OK
r-devel-linux-x86_64-debian-gcc 0.1.4 6.82 50.38 57.20 OK
r-devel-linux-x86_64-fedora-clang 0.1.4 105.72 NOTE
r-devel-linux-x86_64-fedora-gcc 0.1.4 100.25 NOTE
r-devel-windows-x86_64 0.1.4 20.00 92.00 112.00 OK
r-patched-linux-x86_64 0.1.4 7.83 65.83 73.66 OK
r-release-linux-x86_64 0.1.4 7.64 64.93 72.57 OK
r-release-macos-arm64 0.1.4 37.00 NOTE
r-release-macos-x86_64 0.1.4 49.00 NOTE
r-release-windows-x86_64 0.1.4 19.00 102.00 121.00 OK
r-oldrel-macos-arm64 0.1.4 41.00 NOTE
r-oldrel-macos-x86_64 0.1.4 79.00 NOTE
r-oldrel-windows-ix86+x86_64 0.1.4 16.00 86.00 102.00 OK

Check Details

Version: 0.1.4
Check: data for non-ASCII characters
Result: NOTE
     Note: found 160 marked UTF-8 strings
Flavors: r-devel-linux-x86_64-fedora-clang, r-devel-linux-x86_64-fedora-gcc, r-release-macos-arm64, r-release-macos-x86_64, r-oldrel-macos-arm64, r-oldrel-macos-x86_64