CRAN Package Check Results for Package iml

Last updated on 2021-06-16 02:49:36 CEST.

Flavor Version Tinstall Tcheck Ttotal Status Flags
r-devel-linux-x86_64-debian-clang 0.10.1 16.25 404.75 421.00 OK
r-devel-linux-x86_64-debian-gcc 0.10.1 11.80 261.16 272.96 OK
r-devel-linux-x86_64-fedora-clang 0.10.1 462.03 NOTE
r-devel-linux-x86_64-fedora-gcc 0.10.1 415.55 NOTE
r-devel-windows-x86_64 0.10.1 25.00 351.00 376.00 OK
r-devel-windows-x86_64-gcc10-UCRT 0.10.1 NOTE
r-patched-linux-x86_64 0.10.1 15.75 321.64 337.39 OK
r-patched-solaris-x86 0.10.1 620.70 NOTE
r-release-linux-x86_64 0.10.1 16.01 322.77 338.78 OK
r-release-macos-arm64 0.10.1 NOTE
r-release-macos-x86_64 0.10.1 NOTE
r-release-windows-ix86+x86_64 0.10.1 25.00 354.00 379.00 OK
r-oldrel-macos-x86_64 0.10.1 NOTE
r-oldrel-windows-ix86+x86_64 0.10.1 44.00 363.00 407.00 OK

Check Details

Version: 0.10.1
Check: dependencies in R code
Result: NOTE
    Namespace in Imports field not imported from: ‘keras’
     All declared Imports should be used.
Flavors: r-devel-linux-x86_64-fedora-clang, r-devel-linux-x86_64-fedora-gcc, r-devel-windows-x86_64-gcc10-UCRT, r-patched-solaris-x86, r-release-macos-arm64, r-release-macos-x86_64, r-oldrel-macos-x86_64