Last updated on 2022-08-18 04:56:27 CEST.
Flavor | Version | Tinstall | Tcheck | Ttotal | Status | Flags |
---|---|---|---|---|---|---|
r-devel-linux-x86_64-debian-clang | 1.0.1 | 77.13 | 424.77 | 501.90 | OK | |
r-devel-linux-x86_64-debian-gcc | 1.0.1 | 72.14 | 322.55 | 394.69 | OK | |
r-devel-linux-x86_64-fedora-clang | 1.0.1 | 630.46 | OK | |||
r-devel-linux-x86_64-fedora-gcc | 1.0.1 | 617.47 | OK | |||
r-devel-windows-x86_64 | 1.0.1 | 90.00 | 471.00 | 561.00 | OK | |
r-patched-linux-x86_64 | 1.0.1 | 77.08 | 407.44 | 484.52 | OK | |
r-release-linux-x86_64 | 1.0.1 | 78.07 | 415.54 | 493.61 | OK | |
r-release-macos-arm64 | 1.0.1 | 152.00 | OK | |||
r-release-macos-x86_64 | 1.0.1 | 255.00 | OK | |||
r-release-windows-x86_64 | 1.0.1 | 96.00 | 453.00 | 549.00 | OK | |
r-oldrel-macos-arm64 | 1.0.1 | 143.00 | NOTE | |||
r-oldrel-macos-x86_64 | 1.0.1 | 303.00 | OK | |||
r-oldrel-windows-ix86+x86_64 | 1.0.1 | 184.00 | 578.00 | 762.00 | OK |
Version: 1.0.1
Check: installed package size
Result: NOTE
installed size is 5.2Mb
sub-directories of 1Mb or more:
libs 4.4Mb
Flavor: r-oldrel-macos-arm64