CRAN Package Check Results for Package iq

Last updated on 2021-12-03 02:48:58 CET.

Flavor Version Tinstall Tcheck Ttotal Status Flags
r-devel-linux-x86_64-debian-clang 1.9.1 19.19 32.73 51.92 OK
r-devel-linux-x86_64-debian-gcc 1.9.1 14.15 25.67 39.82 OK
r-devel-linux-x86_64-fedora-clang 1.9.1 78.31 NOTE
r-devel-linux-x86_64-fedora-gcc 1.9.1 65.37 OK
r-devel-windows-x86_64-new-UL 1.9.1 30.00 94.00 124.00 OK
r-devel-windows-x86_64-new-TK 1.9.1 OK
r-devel-windows-x86_64-old 1.9.1 22.00 46.00 68.00 OK
r-patched-linux-x86_64 1.9.1 16.38 32.20 48.58 OK
r-patched-solaris-x86 1.9.1 110.10 OK
r-release-linux-x86_64 1.9.1 17.01 31.85 48.86 OK
r-release-macos-arm64 1.9.1 NOTE
r-release-macos-x86_64 1.9.1 NOTE
r-release-windows-ix86+x86_64 1.9.1 39.00 68.00 107.00 OK
r-oldrel-macos-x86_64 1.9.1 NOTE
r-oldrel-windows-ix86+x86_64 1.9.1 39.00 65.00 104.00 OK

Check Details

Version: 1.9.1
Check: installed package size
Result: NOTE
     installed size is 6.2Mb
     sub-directories of 1Mb or more:
     libs 5.6Mb
Flavors: r-devel-linux-x86_64-fedora-clang, r-release-macos-arm64, r-release-macos-x86_64, r-oldrel-macos-x86_64