CRAN Package Check Results for Package ivdoctr

Last updated on 2023-05-27 02:49:42 CEST.

Flavor Version Tinstall Tcheck Ttotal Status Flags
r-devel-linux-x86_64-debian-clang 1.0.1 46.58 124.62 171.20 OK
r-devel-linux-x86_64-debian-gcc 1.0.1 31.55 92.72 124.27 OK
r-devel-linux-x86_64-fedora-clang 1.0.1 214.37 NOTE
r-devel-linux-x86_64-fedora-gcc 1.0.1 217.83 NOTE
r-devel-windows-x86_64 1.0.1 35.00 134.00 169.00 OK
r-patched-linux-x86_64 1.0.1 36.71 115.77 152.48 OK
r-release-linux-x86_64 1.0.1 30.05 116.20 146.25 OK
r-release-macos-arm64 1.0.1 68.00 OK
r-release-macos-x86_64 1.0.1 103.00 OK
r-release-windows-x86_64 1.0.1 44.00 157.00 201.00 OK
r-oldrel-macos-arm64 1.0.1 56.00 NOTE
r-oldrel-macos-x86_64 1.0.1 96.00 NOTE
r-oldrel-windows-x86_64 1.0.1 44.00 150.00 194.00 OK

Check Details

Version: 1.0.1
Check: data for non-ASCII characters
Result: NOTE
     Note: found 58 marked UTF-8 strings
Flavors: r-devel-linux-x86_64-fedora-clang, r-devel-linux-x86_64-fedora-gcc, r-oldrel-macos-arm64, r-oldrel-macos-x86_64