Last updated on 2022-07-01 02:54:20 CEST.
Flavor | Version | Tinstall | Tcheck | Ttotal | Status | Flags |
---|---|---|---|---|---|---|
r-devel-linux-x86_64-debian-clang | 0.11 | 74.16 | 64.16 | 138.32 | OK | |
r-devel-linux-x86_64-debian-gcc | 0.11 | 59.68 | 50.55 | 110.23 | OK | |
r-devel-linux-x86_64-fedora-clang | 0.11 | 213.51 | OK | |||
r-devel-linux-x86_64-fedora-gcc | 0.11 | 190.13 | OK | |||
r-devel-windows-x86_64 | 0.11 | 90.00 | 134.00 | 224.00 | OK | |
r-patched-linux-x86_64 | 0.11 | 64.27 | 62.99 | 127.26 | OK | |
r-release-linux-x86_64 | 0.11 | 66.69 | 63.67 | 130.36 | OK | |
r-release-macos-arm64 | 0.11 | 55.00 | NOTE | |||
r-release-macos-x86_64 | 0.11 | 76.00 | NOTE | |||
r-release-windows-x86_64 | 0.11 | 81.00 | 130.00 | 211.00 | OK | |
r-oldrel-macos-arm64 | 0.11 | 56.00 | NOTE | |||
r-oldrel-macos-x86_64 | 0.11 | 116.00 | NOTE | |||
r-oldrel-windows-ix86+x86_64 | 0.11 | 176.00 | 155.00 | 331.00 | OK |
Version: 0.11
Check: installed package size
Result: NOTE
installed size is 5.7Mb
sub-directories of 1Mb or more:
libs 5.2Mb
Flavors: r-release-macos-arm64, r-release-macos-x86_64, r-oldrel-macos-arm64, r-oldrel-macos-x86_64