CRAN Package Check Results for Package joineR

Last updated on 2021-09-23 02:49:08 CEST.

Flavor Version Tinstall Tcheck Ttotal Status Flags
r-devel-linux-x86_64-debian-clang 1.2.6 11.78 461.21 472.99 OK
r-devel-linux-x86_64-debian-gcc 1.2.6 8.80 323.20 332.00 OK
r-devel-linux-x86_64-fedora-clang 1.2.6 537.55 OK
r-devel-linux-x86_64-fedora-gcc 1.2.6 529.60 OK
r-devel-windows-x86_64 1.2.6 11.00 467.00 478.00 OK
r-devel-windows-x86_64-gcc10-UCRT 1.2.6 ERROR
r-patched-linux-x86_64 1.2.6 10.86 433.82 444.68 OK
r-patched-solaris-x86 1.2.6 767.20 OK
r-release-linux-x86_64 1.2.6 10.21 425.05 435.26 OK
r-release-macos-arm64 1.2.6 OK
r-release-macos-x86_64 1.2.6 OK
r-release-windows-ix86+x86_64 1.2.6 22.00 444.00 466.00 OK
r-oldrel-macos-x86_64 1.2.6 OK
r-oldrel-windows-ix86+x86_64 1.2.6 17.00 436.00 453.00 OK

Check Details

Version: 1.2.6
Check: PDF version of manual
Result: WARN
    LaTeX errors when creating PDF version.
    This typically indicates Rd problems.
Flavor: r-devel-windows-x86_64-gcc10-UCRT

Version: 1.2.6
Check: PDF version of manual without hyperrefs or index
Result: ERROR
    Re-running with no redirection of stdout/stderr.
Flavor: r-devel-windows-x86_64-gcc10-UCRT