CRAN Package Check Results for Package jubilee

Last updated on 2021-08-02 02:49:52 CEST.

Flavor Version Tinstall Tcheck Ttotal Status Flags
r-devel-linux-x86_64-debian-clang 0.3.3 7.17 103.80 110.97 NOTE
r-devel-linux-x86_64-debian-gcc 0.3.3 6.38 77.86 84.24 NOTE
r-devel-linux-x86_64-fedora-clang 0.3.3 138.76 NOTE
r-devel-linux-x86_64-fedora-gcc 0.3.3 125.29 NOTE
r-devel-windows-x86_64 0.3.3 11.00 147.00 158.00 NOTE
r-devel-windows-x86_64-gcc10-UCRT 0.3.3 NOTE
r-patched-linux-x86_64 0.3.3 NOTE
r-patched-solaris-x86 0.3.3 183.40 NOTE
r-release-linux-x86_64 0.3.3 8.27 97.10 105.37 NOTE
r-release-macos-arm64 0.3.3 NOTE
r-release-macos-x86_64 0.3.3 NOTE
r-release-windows-ix86+x86_64 0.3.3 18.00 151.00 169.00 NOTE
r-oldrel-macos-x86_64 0.3.3 OK
r-oldrel-windows-ix86+x86_64 0.3.3 18.00 147.00 165.00 OK

Check Details

Version: 0.3.3
Check: LazyData
Result: NOTE
     'LazyData' is specified without a 'data' directory
Flavors: r-devel-linux-x86_64-debian-clang, r-devel-linux-x86_64-debian-gcc, r-devel-linux-x86_64-fedora-clang, r-devel-linux-x86_64-fedora-gcc, r-devel-windows-x86_64, r-devel-windows-x86_64-gcc10-UCRT, r-patched-linux-x86_64, r-patched-solaris-x86, r-release-linux-x86_64, r-release-macos-arm64, r-release-macos-x86_64, r-release-windows-ix86+x86_64