CRAN Package Check Results for Package kedd

Last updated on 2022-05-23 02:53:40 CEST.

Flavor Version Tinstall Tcheck Ttotal Status Flags
r-devel-linux-x86_64-debian-clang 1.0.3 13.80 63.12 76.92 ERROR
r-devel-linux-x86_64-debian-gcc 1.0.3 12.25 47.90 60.15 ERROR
r-devel-linux-x86_64-fedora-clang 1.0.3 92.73 ERROR
r-devel-linux-x86_64-fedora-gcc 1.0.3 92.56 ERROR
r-devel-windows-x86_64 1.0.3 25.00 84.00 109.00 ERROR
r-patched-linux-x86_64 1.0.3 11.50 120.17 131.67 OK
r-release-linux-x86_64 1.0.3 11.63 118.30 129.93 OK
r-release-macos-arm64 1.0.3 61.00 OK
r-release-macos-x86_64 1.0.3 137.00 OK
r-release-windows-x86_64 1.0.3 21.00 193.00 214.00 OK
r-oldrel-macos-arm64 1.0.3 74.00 OK
r-oldrel-macos-x86_64 1.0.3 215.00 OK
r-oldrel-windows-ix86+x86_64 1.0.3 21.00 146.00 167.00 OK

Check Details

Version: 1.0.3
Check: examples
Result: ERROR
    Running examples in 'kedd-Ex.R' failed
    The error most likely occurred in:
    
    > base::assign(".ptime", proc.time(), pos = "CheckExEnv")
    > ### Name: dkde
    > ### Title: Derivatives of Kernel Density Estimator
    > ### Aliases: dkde dkde.default print.dkde
    > ### Keywords: smooth nonparametric density derivative
    >
    > ### ** Examples
    >
    > ## EXAMPLE 1: Simple example of a Gaussian density derivative
    >
    > x <- rnorm(100)
    > dkde(x,deriv.order=0) ## KDE of f
    Error in kernel == "epanechnikov" && r >= 3 :
     'length = 8' in coercion to 'logical(1)'
    Calls: dkde -> dkde.default
    Execution halted
Flavors: r-devel-linux-x86_64-debian-clang, r-devel-linux-x86_64-debian-gcc

Version: 1.0.3
Check: re-building of vignette outputs
Result: ERROR
    Error(s) in re-building vignettes:
     ...
    --- re-building 'intro.Rnw' using Sweave
    --- finished re-building 'intro.Rnw'
    
    --- re-building 'kedd.Rnw' using Sweave
    
    Error: processing vignette 'kedd.Rnw' failed with diagnostics:
     chunk 8
    Error in kernel == "epanechnikov" && r >= 3 :
     'length = 8' in coercion to 'logical(1)'
    
    --- failed re-building 'kedd.Rnw'
    
    SUMMARY: processing the following file failed:
     'kedd.Rnw'
    
    Error: Vignette re-building failed.
    Execution halted
Flavors: r-devel-linux-x86_64-debian-clang, r-devel-linux-x86_64-debian-gcc

Version: 1.0.3
Check: HTML version of manual
Result: NOTE
    Found the following problems:
    kedd-package.Rd:114:1: Warning: missing </dfn> before </p>
    kedd-package.Rd:116:1: Warning: inserting implicit <dfn>
    kedd-package.Rd:116:1: Warning: missing </dfn> before <p>
    kedd-package.Rd:116:32: Warning: inserting implicit <dfn>
    kedd-package.Rd:120:1: Warning: inserting implicit <dfn>
    kedd-package.Rd:120:1: Warning: missing </dfn> before <p>
    kedd-package.Rd:120:4: Warning: inserting implicit <dfn>
    kedd-package.Rd:116:1: Warning: trimming empty <dfn>
    kedd-package.Rd:120:1: Warning: trimming empty <dfn>
Flavors: r-devel-linux-x86_64-debian-clang, r-devel-linux-x86_64-debian-gcc

Version: 1.0.3
Check: Rd cross-references
Result: NOTE
    Undeclared packages ‘nor1mix’, ‘ks’, ‘sm’, ‘locfit’, ‘orthopolynom’ in Rd xrefs
Flavor: r-devel-linux-x86_64-fedora-clang

Version: 1.0.3
Check: examples
Result: ERROR
    Running examples in ‘kedd-Ex.R’ failed
    The error most likely occurred in:
    
    > ### Name: dkde
    > ### Title: Derivatives of Kernel Density Estimator
    > ### Aliases: dkde dkde.default print.dkde
    > ### Keywords: smooth nonparametric density derivative
    >
    > ### ** Examples
    >
    > ## EXAMPLE 1: Simple example of a Gaussian density derivative
    >
    > x <- rnorm(100)
    > dkde(x,deriv.order=0) ## KDE of f
    Error in kernel == "epanechnikov" && r >= 3 :
     'length = 8' in coercion to 'logical(1)'
    Calls: dkde -> dkde.default
    Execution halted
Flavors: r-devel-linux-x86_64-fedora-clang, r-devel-linux-x86_64-fedora-gcc, r-devel-windows-x86_64

Version: 1.0.3
Check: re-building of vignette outputs
Result: ERROR
    Error(s) in re-building vignettes:
    --- re-building ‘intro.Rnw’ using Sweave
    --- finished re-building ‘intro.Rnw’
    
    --- re-building ‘kedd.Rnw’ using Sweave
    
    Error: processing vignette 'kedd.Rnw' failed with diagnostics:
     chunk 8
    Error in kernel == "epanechnikov" && r >= 3 :
     'length = 8' in coercion to 'logical(1)'
    
    --- failed re-building ‘kedd.Rnw’
    
    SUMMARY: processing the following file failed:
     ‘kedd.Rnw’
    
    Error: Vignette re-building failed.
    Execution halted
Flavors: r-devel-linux-x86_64-fedora-clang, r-devel-linux-x86_64-fedora-gcc, r-devel-windows-x86_64