CRAN Package Check Results for Package kriging

Last updated on 2022-08-15 04:50:18 CEST.

Flavor Version Tinstall Tcheck Ttotal Status Flags
r-devel-linux-x86_64-debian-clang 1.2 2.62 23.48 26.10 OK
r-devel-linux-x86_64-debian-gcc 1.2 2.31 18.36 20.67 OK
r-devel-linux-x86_64-fedora-clang 1.2 42.80 NOTE
r-devel-linux-x86_64-fedora-gcc 1.2 41.84 NOTE
r-devel-windows-x86_64 1.2 14.00 50.00 64.00 OK
r-patched-linux-x86_64 1.2 2.72 22.97 25.69 OK
r-release-linux-x86_64 1.2 2.79 22.87 25.66 OK
r-release-macos-arm64 1.2 15.00 OK
r-release-macos-x86_64 1.2 21.00 OK
r-release-windows-x86_64 1.2 13.00 48.00 61.00 OK
r-oldrel-macos-arm64 1.2 14.00 OK
r-oldrel-macos-x86_64 1.2 24.00 OK
r-oldrel-windows-ix86+x86_64 1.2 9.00 53.00 62.00 OK

Check Details

Version: 1.2
Check: compiled code
Result: NOTE
    File ‘kriging/libs/kriging.so’:
     Found no calls to: ‘R_registerRoutines’, ‘R_useDynamicSymbols’
    
    It is good practice to register native routines and to disable symbol
    search.
    
    See ‘Writing portable packages’ in the ‘Writing R Extensions’ manual.
Flavors: r-devel-linux-x86_64-fedora-clang, r-devel-linux-x86_64-fedora-gcc