CRAN Package Check Results for Package latticeExtra

Last updated on 2022-07-05 03:53:35 CEST.

Flavor Version Tinstall Tcheck Ttotal Status Flags
r-devel-linux-x86_64-debian-clang 0.6-29 8.77 93.19 101.96 OK
r-devel-linux-x86_64-debian-gcc 0.6-29 6.78 68.23 75.01 OK
r-devel-linux-x86_64-fedora-clang 0.6-30 140.15 NOTE
r-devel-linux-x86_64-fedora-gcc 0.6-30 137.25 OK
r-devel-windows-x86_64 0.6-29 113.00 130.00 243.00 OK
r-patched-linux-x86_64 0.6-29 8.76 83.97 92.73 OK
r-release-linux-x86_64 0.6-29 7.37 84.76 92.13 OK
r-release-macos-arm64 0.6-30 40.00 OK
r-release-macos-x86_64 0.6-29 50.00 OK
r-release-windows-x86_64 0.6-30 80.00 118.00 198.00 OK
r-oldrel-macos-arm64 0.6-30 41.00 OK
r-oldrel-macos-x86_64 0.6-29 66.00 OK
r-oldrel-windows-ix86+x86_64 0.6-29 13.00 112.00 125.00 OK

Additional issues

noSuggests

Check Details

Version: 0.6-30
Check: Rd cross-references
Result: NOTE
    Undeclared package ‘ggplot2’ in Rd xrefs
Flavor: r-devel-linux-x86_64-fedora-clang