CRAN Package Check Results for Package lavaSearch2

Last updated on 2021-09-23 02:49:09 CEST.

Flavor Version Tinstall Tcheck Ttotal Status Flags
r-devel-linux-x86_64-debian-clang 1.5.6 67.26 320.78 388.04 OK
r-devel-linux-x86_64-debian-gcc 1.5.6 45.67 225.78 271.45 OK
r-devel-linux-x86_64-fedora-clang 1.5.6 459.38 OK
r-devel-linux-x86_64-fedora-gcc 1.5.6 442.92 OK
r-devel-windows-x86_64 1.5.6 70.00 294.00 364.00 OK
r-devel-windows-x86_64-gcc10-UCRT 1.5.6 ERROR
r-patched-linux-x86_64 1.5.6 58.39 296.32 354.71 OK
r-patched-solaris-x86 1.5.6 525.30 OK
r-release-linux-x86_64 1.5.6 54.34 296.22 350.56 OK
r-release-macos-arm64 1.5.6 OK
r-release-macos-x86_64 1.5.6 OK
r-release-windows-ix86+x86_64 1.5.6 161.00 419.00 580.00 OK
r-oldrel-macos-x86_64 1.5.6 OK
r-oldrel-windows-ix86+x86_64 1.5.6 119.00 430.00 549.00 OK

Check Details

Version: 1.5.6
Check: package dependencies
Result: NOTE
    Package suggested but not available for checking: 'riskRegression'
Flavor: r-devel-windows-x86_64-gcc10-UCRT

Version: 1.5.6
Check: whether package can be installed
Result: ERROR
    Installation failed.
Flavor: r-devel-windows-x86_64-gcc10-UCRT