Last updated on 2022-05-24 02:52:41 CEST.
Flavor | Version | Tinstall | Tcheck | Ttotal | Status | Flags |
---|---|---|---|---|---|---|
r-devel-linux-x86_64-debian-clang | 0.2.2 | 2.89 | 43.58 | 46.47 | NOTE | |
r-devel-linux-x86_64-debian-gcc | 0.2.2 | 2.65 | 33.30 | 35.95 | NOTE | |
r-devel-linux-x86_64-fedora-clang | 0.2.2 | 56.85 | NOTE | |||
r-devel-linux-x86_64-fedora-gcc | 0.2.2 | 55.55 | NOTE | |||
r-devel-windows-x86_64 | 0.2.2 | 65.00 | 71.00 | 136.00 | NOTE | |
r-patched-linux-x86_64 | 0.2.2 | 2.84 | 41.11 | 43.95 | NOTE | |
r-release-linux-x86_64 | 0.2.2 | NOTE | ||||
r-release-macos-arm64 | 0.2.2 | 21.00 | NOTE | |||
r-release-macos-x86_64 | 0.2.2 | 33.00 | NOTE | |||
r-release-windows-x86_64 | 0.2.2 | 68.00 | 70.00 | 138.00 | NOTE | |
r-oldrel-macos-arm64 | 0.2.2 | 26.00 | NOTE | |||
r-oldrel-macos-x86_64 | 0.2.2 | 40.00 | NOTE | |||
r-oldrel-windows-ix86+x86_64 | 0.2.2 | 15.00 | 65.00 | 80.00 | NOTE |
Version: 0.2.2
Check: LazyData
Result: NOTE
'LazyData' is specified without a 'data' directory
Flavors: r-devel-linux-x86_64-debian-clang, r-devel-linux-x86_64-debian-gcc, r-devel-linux-x86_64-fedora-clang, r-devel-linux-x86_64-fedora-gcc, r-devel-windows-x86_64, r-patched-linux-x86_64, r-release-linux-x86_64, r-release-macos-arm64, r-release-macos-x86_64, r-release-windows-x86_64, r-oldrel-macos-arm64, r-oldrel-macos-x86_64, r-oldrel-windows-ix86+x86_64