CRAN Package Check Results for Package lbfgs

Last updated on 2021-09-22 02:49:26 CEST.

Flavor Version Tinstall Tcheck Ttotal Status Flags
r-devel-linux-x86_64-debian-clang 1.2.1 19.76 38.81 58.57 NOTE
r-devel-linux-x86_64-debian-gcc 1.2.1 12.85 32.88 45.73 NOTE
r-devel-linux-x86_64-fedora-clang 1.2.1 87.20 NOTE
r-devel-linux-x86_64-fedora-gcc 1.2.1 70.02 NOTE
r-devel-windows-x86_64 1.2.1 28.00 56.00 84.00 NOTE
r-devel-windows-x86_64-gcc10-UCRT 1.2.1 ERROR
r-patched-linux-x86_64 1.2.1 15.23 37.82 53.05 NOTE
r-patched-solaris-x86 1.2.1 88.90 NOTE
r-release-linux-x86_64 1.2.1 16.79 37.67 54.46 NOTE
r-release-macos-arm64 1.2.1 NOTE
r-release-macos-x86_64 1.2.1 NOTE
r-release-windows-ix86+x86_64 1.2.1 47.00 65.00 112.00 NOTE
r-oldrel-macos-x86_64 1.2.1 NOTE
r-oldrel-windows-ix86+x86_64 1.2.1 46.00 66.00 112.00 NOTE

Check Details

Version: 1.2.1
Check: R code for possible problems
Result: NOTE
    lbfgs: no visible global function definition for 'hasArg'
    Undefined global functions or variables:
     hasArg
    Consider adding
     importFrom("methods", "hasArg")
    to your NAMESPACE file (and ensure that your DESCRIPTION Imports field
    contains 'methods').
Flavors: r-devel-linux-x86_64-debian-clang, r-devel-linux-x86_64-debian-gcc, r-devel-linux-x86_64-fedora-clang, r-devel-linux-x86_64-fedora-gcc, r-devel-windows-x86_64, r-patched-linux-x86_64, r-patched-solaris-x86, r-release-linux-x86_64, r-release-macos-arm64, r-release-macos-x86_64, r-release-windows-ix86+x86_64, r-oldrel-macos-x86_64, r-oldrel-windows-ix86+x86_64

Version: 1.2.1
Check: compiled code
Result: NOTE
    File ‘lbfgs/libs/lbfgs.so’:
     Found no calls to: ‘R_registerRoutines’, ‘R_useDynamicSymbols’
    
    It is good practice to register native routines and to disable symbol
    search.
    
    See ‘Writing portable packages’ in the ‘Writing R Extensions’ manual.
Flavors: r-devel-linux-x86_64-fedora-clang, r-devel-linux-x86_64-fedora-gcc

Version: 1.2.1
Check: whether package can be installed
Result: ERROR
    Installation failed.
Flavor: r-devel-windows-x86_64-gcc10-UCRT