CRAN Package Check Results for Package legislatoR

Last updated on 2021-07-24 02:48:36 CEST.

Flavor Version Tinstall Tcheck Ttotal Status Flags
r-devel-linux-x86_64-debian-clang 1.0 4.33 45.90 50.23 NOTE
r-devel-linux-x86_64-debian-gcc 1.0 3.38 34.74 38.12 NOTE
r-devel-linux-x86_64-fedora-clang 1.0 68.79 NOTE
r-devel-linux-x86_64-fedora-gcc 1.0 57.65 NOTE
r-devel-windows-x86_64 1.0 7.00 45.00 52.00 NOTE
r-devel-windows-x86_64-gcc10-UCRT 1.0 NOTE
r-patched-linux-x86_64 1.0 4.10 42.90 47.00 NOTE
r-patched-solaris-x86 1.0 83.90 NOTE
r-release-linux-x86_64 1.0 3.24 43.00 46.24 NOTE
r-release-macos-arm64 1.0 NOTE
r-release-macos-x86_64 1.0 NOTE
r-release-windows-ix86+x86_64 1.0 12.00 47.00 59.00 NOTE
r-oldrel-macos-x86_64 1.0 OK
r-oldrel-windows-ix86+x86_64 1.0 13.00 67.00 80.00 OK

Check Details

Version: 1.0
Check: LazyData
Result: NOTE
     'LazyData' is specified without a 'data' directory
Flavors: r-devel-linux-x86_64-debian-clang, r-devel-linux-x86_64-debian-gcc, r-devel-linux-x86_64-fedora-clang, r-devel-linux-x86_64-fedora-gcc, r-devel-windows-x86_64, r-devel-windows-x86_64-gcc10-UCRT, r-patched-linux-x86_64, r-patched-solaris-x86, r-release-linux-x86_64, r-release-macos-arm64, r-release-macos-x86_64, r-release-windows-ix86+x86_64