CRAN Package Check Results for Package leidenAlg

Last updated on 2021-09-22 02:49:26 CEST.

Flavor Version Tinstall Tcheck Ttotal Status Flags
r-devel-linux-x86_64-debian-clang 0.1.1 56.63 98.83 155.46 NOTE
r-devel-linux-x86_64-debian-gcc 0.1.1 41.92 74.13 116.05 NOTE
r-devel-windows-x86_64 0.1.1 60.00 99.00 159.00 NOTE
r-devel-windows-x86_64-gcc10-UCRT 0.1.1 ERROR
r-patched-linux-x86_64 0.1.1 48.53 92.77 141.30 NOTE
r-release-linux-x86_64 0.1.1 49.88 92.79 142.67 NOTE
r-release-macos-arm64 0.1.1 NOTE
r-release-macos-x86_64 0.1.1 ERROR
r-release-windows-ix86+x86_64 0.1.1 145.00 127.00 272.00 NOTE
r-oldrel-macos-x86_64 0.1.1 NOTE
r-oldrel-windows-ix86+x86_64 0.1.1 147.00 135.00 282.00 NOTE

Check Details

Version: 0.1.1
Check: for GNU extensions in Makefiles
Result: NOTE
    GNU make is a SystemRequirements.
Flavors: r-devel-linux-x86_64-debian-clang, r-devel-linux-x86_64-debian-gcc, r-devel-windows-x86_64, r-patched-linux-x86_64, r-release-linux-x86_64, r-release-macos-arm64, r-release-windows-ix86+x86_64, r-oldrel-macos-x86_64, r-oldrel-windows-ix86+x86_64

Version: 0.1.1
Check: whether package can be installed
Result: ERROR
    Installation failed.
Flavors: r-devel-windows-x86_64-gcc10-UCRT, r-release-macos-x86_64